Last updated on 2022-04-08 01:48:59 CEST.
Flavor | Version | Tinstall | Tcheck | Ttotal | Status | Flags |
---|---|---|---|---|---|---|
r-devel-linux-x86_64-debian-clang | 1.4.8 | 2.82 | 48.11 | 50.93 | OK | |
r-devel-linux-x86_64-debian-gcc | 1.4.8 | 2.36 | 35.46 | 37.82 | OK | |
r-devel-linux-x86_64-fedora-clang | 1.4.8 | 60.99 | NOTE | |||
r-devel-linux-x86_64-fedora-gcc | 1.4.8 | 48.38 | OK | |||
r-devel-windows-x86_64-new-UL | 1.4.8 | 118.00 | 64.00 | 182.00 | OK | |
r-patched-linux-x86_64 | 1.4.8 | 3.71 | 44.59 | 48.30 | OK | |
r-release-linux-x86_64 | 1.4.8 | 2.97 | 43.05 | 46.02 | OK | |
r-release-macos-arm64 | 1.4.8 | OK | ||||
r-release-macos-x86_64 | 1.4.8 | OK | ||||
r-release-windows-ix86+x86_64 | 1.4.8 | 8.00 | 55.00 | 63.00 | OK | |
r-oldrel-macos-x86_64 | 1.4.8 | OK | ||||
r-oldrel-windows-ix86+x86_64 | 1.4.8 | 7.00 | 56.00 | 63.00 | OK |
Version: 1.4.8
Check: Rd cross-references
Result: NOTE
Undeclared packages ‘reshape2’, ‘sampling’, ‘dplyr’ in Rd xrefs
Flavor: r-devel-linux-x86_64-fedora-clang