CRAN Package Check Results for Package spelling

Last updated on 2022-04-08 01:48:59 CEST.

Flavor Version Tinstall Tcheck Ttotal Status Flags
r-devel-linux-x86_64-debian-clang 2.2 2.51 33.38 35.89 NOTE
r-devel-linux-x86_64-debian-gcc 2.2 2.14 26.06 28.20 NOTE
r-devel-linux-x86_64-fedora-clang 2.2 43.89 NOTE
r-devel-linux-x86_64-fedora-gcc 2.2 32.16 NOTE
r-devel-windows-x86_64-new-UL 2.2 18.00 52.00 70.00 NOTE
r-patched-linux-x86_64 2.2 2.59 32.89 35.48 NOTE
r-release-linux-x86_64 2.2 2.55 31.22 33.77 NOTE
r-release-macos-arm64 2.2 NOTE
r-release-macos-x86_64 2.2 NOTE
r-release-windows-ix86+x86_64 2.2 6.00 42.00 48.00 NOTE
r-oldrel-macos-x86_64 2.2 OK
r-oldrel-windows-ix86+x86_64 2.2 5.00 40.00 45.00 OK

Check Details

Version: 2.2
Check: LazyData
Result: NOTE
     'LazyData' is specified without a 'data' directory
Flavors: r-devel-linux-x86_64-debian-clang, r-devel-linux-x86_64-debian-gcc, r-devel-linux-x86_64-fedora-clang, r-devel-linux-x86_64-fedora-gcc, r-devel-windows-x86_64-new-UL, r-patched-linux-x86_64, r-release-linux-x86_64, r-release-macos-arm64, r-release-macos-x86_64, r-release-windows-ix86+x86_64