Last updated on 2022-04-08 01:48:59 CEST.
Flavor | Version | Tinstall | Tcheck | Ttotal | Status | Flags |
---|---|---|---|---|---|---|
r-devel-linux-x86_64-debian-clang | 1.7 | 59.57 | 545.58 | 605.15 | OK | |
r-devel-linux-x86_64-debian-gcc | 1.7 | 40.96 | 382.70 | 423.66 | OK | |
r-devel-linux-x86_64-fedora-clang | 1.7 | 721.31 | NOTE | |||
r-devel-linux-x86_64-fedora-gcc | 1.7 | 676.16 | NOTE | |||
r-devel-windows-x86_64-new-UL | 1.7 | 124.00 | 474.00 | 598.00 | OK | |
r-patched-linux-x86_64 | 1.7 | 61.12 | 511.25 | 572.37 | OK | |
r-release-linux-x86_64 | 1.7 | 42.42 | 470.27 | 512.69 | OK | |
r-release-macos-arm64 | 1.7 | NOTE | ||||
r-release-macos-x86_64 | 1.7 | NOTE | ||||
r-release-windows-ix86+x86_64 | 1.7 | 106.00 | 478.00 | 584.00 | OK | |
r-oldrel-macos-x86_64 | 1.7 | NOTE | ||||
r-oldrel-windows-ix86+x86_64 | 1.7 | 108.00 | 498.00 | 606.00 | OK |
Version: 1.7
Check: dependencies in R code
Result: NOTE
Namespace in Imports field not imported from: ‘spatstat’
All declared Imports should be used.
Flavors: r-devel-linux-x86_64-fedora-clang, r-devel-linux-x86_64-fedora-gcc, r-release-macos-arm64, r-release-macos-x86_64, r-oldrel-macos-x86_64