CRAN Package Check Results for Package spatstat.local

Last updated on 2022-04-08 01:48:59 CEST.

Flavor Version Tinstall Tcheck Ttotal Status Flags
r-devel-linux-x86_64-debian-clang 4.1-5 15.57 180.38 195.95 NOTE
r-devel-linux-x86_64-debian-gcc 4.1-5 12.05 132.88 144.93 NOTE
r-devel-linux-x86_64-fedora-clang 4.1-5 239.27 NOTE
r-devel-linux-x86_64-fedora-gcc 4.1-5 215.67 NOTE
r-devel-windows-x86_64-new-UL 4.1-5 84.00 208.00 292.00 NOTE
r-patched-linux-x86_64 4.1-5 12.43 169.44 181.87 NOTE
r-release-linux-x86_64 4.1-5 9.71 167.01 176.72 NOTE
r-release-macos-arm64 4.1-4 NOTE
r-release-macos-x86_64 4.1-5 NOTE
r-release-windows-ix86+x86_64 4.1-4 27.00 199.00 226.00 NOTE
r-oldrel-macos-x86_64 4.1-5 NOTE
r-oldrel-windows-ix86+x86_64 4.1-5 58.00 203.00 261.00 NOTE

Check Details

Version: 4.1-5
Check: package dependencies
Result: NOTE
    Depends: includes the non-default packages:
     'spatstat.data', 'spatstat.sparse', 'spatstat.geom',
     'spatstat.random', 'spatstat.core', 'spatstat'
    Adding so many packages to the search path is excessive and importing
    selectively is preferable.
Flavors: r-devel-linux-x86_64-debian-clang, r-devel-linux-x86_64-debian-gcc, r-devel-linux-x86_64-fedora-clang, r-devel-linux-x86_64-fedora-gcc, r-devel-windows-x86_64-new-UL, r-patched-linux-x86_64, r-release-linux-x86_64, r-release-macos-x86_64, r-oldrel-macos-x86_64, r-oldrel-windows-ix86+x86_64

Version: 4.1-4
Check: package dependencies
Result: NOTE
    Depends: includes the non-default packages:
     'spatstat.data', 'spatstat.sparse', 'spatstat.geom',
     'spatstat.random', 'spatstat.core', 'spatstat'
    Adding so many packages to the search path is excessive and importing
    selectively is preferable.
Flavors: r-release-macos-arm64, r-release-windows-ix86+x86_64