Last updated on 2022-04-08 01:48:59 CEST.
Flavor | Version | Tinstall | Tcheck | Ttotal | Status | Flags |
---|---|---|---|---|---|---|
r-devel-linux-x86_64-debian-clang | 2.4-2 | 83.78 | 794.92 | 878.70 | OK | |
r-devel-linux-x86_64-debian-gcc | 2.4-2 | 72.54 | 572.56 | 645.10 | OK | |
r-devel-linux-x86_64-fedora-clang | 2.4-2 | 1063.61 | NOTE | |||
r-devel-linux-x86_64-fedora-gcc | 2.4-2 | 1026.69 | OK | |||
r-devel-windows-x86_64-new-UL | 2.4-2 | 786.00 | 227.00 | 1013.00 | NOTE | --no-examples --no-tests --no-vignettes |
r-patched-linux-x86_64 | 2.4-2 | 117.82 | 752.58 | 870.40 | OK | |
r-release-linux-x86_64 | 2.4-2 | 80.87 | 751.17 | 832.04 | OK | |
r-release-macos-arm64 | 2.4-0 | NOTE | ||||
r-release-macos-x86_64 | 2.4-2 | NOTE | ||||
r-release-windows-ix86+x86_64 | 2.4-0 | 160.00 | 362.00 | 522.00 | NOTE | --no-examples --no-tests --no-vignettes |
r-oldrel-macos-x86_64 | 2.4-2 | NOTE | ||||
r-oldrel-windows-ix86+x86_64 | 2.4-2 | 156.00 | 267.00 | 423.00 | NOTE | --no-examples --no-tests --no-vignettes |
Version: 2.4-2
Check: installed package size
Result: NOTE
installed size is 6.6Mb
sub-directories of 1Mb or more:
R 2.9Mb
help 2.8Mb
Flavors: r-devel-linux-x86_64-fedora-clang, r-release-macos-x86_64, r-oldrel-macos-x86_64
Version: 2.4-2
Flags: --no-examples --no-tests --no-vignettes
Check: installed package size
Result: NOTE
installed size is 6.2Mb
sub-directories of 1Mb or more:
R 2.9Mb
help 2.8Mb
Flavors: r-devel-windows-x86_64-new-UL, r-oldrel-windows-ix86+x86_64
Version: 2.4-0
Check: installed package size
Result: NOTE
installed size is 7.7Mb
sub-directories of 1Mb or more:
R 3.2Mb
help 3.8Mb
Flavor: r-release-macos-arm64
Version: 2.4-0
Flags: --no-examples --no-tests --no-vignettes
Check: installed package size
Result: NOTE
installed size is 6.4Mb
sub-directories of 1Mb or more:
R 2.9Mb
help 2.8Mb
Flavor: r-release-windows-ix86+x86_64