Last updated on 2022-04-08 01:48:59 CEST.
Flavor | Version | Tinstall | Tcheck | Ttotal | Status | Flags |
---|---|---|---|---|---|---|
r-devel-linux-x86_64-debian-clang | 0.7.0 | 56.20 | 371.14 | 427.34 | OK | |
r-devel-linux-x86_64-debian-gcc | 0.7.0 | 45.09 | 265.96 | 311.05 | OK | |
r-devel-linux-x86_64-fedora-clang | 0.7.0 | 523.86 | NOTE | |||
r-devel-linux-x86_64-fedora-gcc | 0.7.0 | 519.51 | NOTE | |||
r-devel-windows-x86_64-new-UL | 0.7.0 | 92.00 | 365.00 | 457.00 | NOTE | |
r-patched-linux-x86_64 | 0.7.0 | 48.85 | 353.48 | 402.33 | OK | |
r-release-linux-x86_64 | 0.7.0 | 34.93 | 319.71 | 354.64 | OK | |
r-release-macos-arm64 | 0.7.0 | NOTE | ||||
r-release-macos-x86_64 | 0.7.0 | NOTE | ||||
r-release-windows-ix86+x86_64 | 0.7.0 | 126.00 | 512.00 | 638.00 | NOTE | |
r-oldrel-macos-x86_64 | 0.7.0 | NOTE | ||||
r-oldrel-windows-ix86+x86_64 | 0.7.0 | 128.00 | 535.00 | 663.00 | NOTE |
Version: 0.7.0
Check: installed package size
Result: NOTE
installed size is 5.3Mb
sub-directories of 1Mb or more:
data 2.6Mb
help 1.7Mb
Flavors: r-devel-linux-x86_64-fedora-clang, r-devel-windows-x86_64-new-UL, r-release-macos-arm64, r-release-macos-x86_64, r-release-windows-ix86+x86_64, r-oldrel-macos-x86_64, r-oldrel-windows-ix86+x86_64
Version: 0.7.0
Check: data for non-ASCII characters
Result: NOTE
Note: found 283 marked UTF-8 strings
Flavors: r-devel-linux-x86_64-fedora-clang, r-devel-linux-x86_64-fedora-gcc, r-release-macos-arm64, r-release-macos-x86_64, r-oldrel-macos-x86_64