CRAN Package Check Results for Package spatialEco

Last updated on 2022-04-08 01:48:59 CEST.

Flavor Version Tinstall Tcheck Ttotal Status Flags
r-devel-linux-x86_64-debian-clang 1.3-7 33.37 466.36 499.73 OK
r-devel-linux-x86_64-debian-gcc 1.3-7 31.02 335.32 366.34 OK
r-devel-linux-x86_64-fedora-clang 1.3-7 606.98 OK
r-devel-linux-x86_64-fedora-gcc 1.3-7 588.72 OK
r-devel-windows-x86_64-new-UL 1.3-7 158.00 353.00 511.00 ERROR
r-patched-linux-x86_64 1.3-7 36.41 433.32 469.73 OK
r-release-linux-x86_64 1.3-7 28.64 391.09 419.73 OK
r-release-macos-arm64 1.3-7 OK
r-release-macos-x86_64 1.3-7 OK
r-release-windows-ix86+x86_64 1.3-7 76.00 327.00 403.00 ERROR
r-oldrel-macos-x86_64 1.3-7 OK
r-oldrel-windows-ix86+x86_64 1.3-7 80.00 341.00 421.00 ERROR

Check Details

Version: 1.3-7
Check: examples
Result: ERROR
    Running examples in 'spatialEco-Ex.R' failed
    The error most likely occurred in:
    
    > ### Name: cgls_urls
    > ### Title: Provide URL's for Copernicus Global Land Service datasets
    > ### Aliases: cgls_urls
    >
    > ### ** Examples
    >
    > # Create date string for query
    > d <- seq(as.Date("2020/05/01"), as.Date("2020-09-01"), by="day")
    >
    > # Search for 300m (333m) LAI within specified date range
    > all.urls <- cgls_urls(dates = d, resolution = 300,
    + product = "lai")
    Warning in readLines(manifest.url) :
     URL 'https://land.copernicus.vgt.vito.be/manifest/': status was 'Failure when receiving data from the peer'
    Error in readLines(manifest.url) : cannot read from connection
    Calls: cgls_urls -> paste -> readLines
    Execution halted
Flavor: r-devel-windows-x86_64-new-UL

Version: 1.3-7
Check: examples
Result: ERROR
    Running examples in 'spatialEco-Ex.R' failed
    The error most likely occurred in:
    
    > ### Name: cgls_urls
    > ### Title: Provide URL's for Copernicus Global Land Service datasets
    > ### Aliases: cgls_urls
    >
    > ### ** Examples
    >
    > # Create date string for query
    > d <- seq(as.Date("2020/05/01"), as.Date("2020-09-01"), by="day")
    >
    > # Search for 300m (333m) LAI within specified date range
    > all.urls <- cgls_urls(dates = d, resolution = 300,
    + product = "lai")
    Warning in file(con, "r") :
     InternetOpenUrl failed: 'Die Serververbindung konnte nicht hergestellt werden.'
    Error in file(con, "r") : cannot open the connection
    Calls: cgls_urls -> paste -> readLines -> file
    Execution halted
Flavors: r-release-windows-ix86+x86_64, r-oldrel-windows-ix86+x86_64