CRAN Package Check Results for Package spatgraphs

Last updated on 2022-04-08 01:48:59 CEST.

Flavor Version Tinstall Tcheck Ttotal Status Flags
r-devel-linux-x86_64-debian-clang 3.2-2 69.29 82.08 151.37 NOTE
r-devel-linux-x86_64-debian-gcc 3.2-2 53.28 63.87 117.15 NOTE
r-devel-linux-x86_64-fedora-clang 3.2-2 224.24 NOTE
r-devel-linux-x86_64-fedora-gcc 3.2-2 182.91 NOTE
r-devel-windows-x86_64-new-UL 3.2-2 98.00 117.00 215.00 NOTE
r-patched-linux-x86_64 3.2-2 60.51 80.87 141.38 NOTE
r-release-linux-x86_64 3.2-2 59.15 76.08 135.23 NOTE
r-release-macos-arm64 3.2-2 NOTE
r-release-macos-x86_64 3.2-2 NOTE
r-release-windows-ix86+x86_64 3.2-2 162.00 130.00 292.00 NOTE
r-oldrel-macos-x86_64 3.2-2 OK
r-oldrel-windows-ix86+x86_64 3.2-2 162.00 125.00 287.00 OK

Check Details

Version: 3.2-2
Check: LazyData
Result: NOTE
     'LazyData' is specified without a 'data' directory
Flavors: r-devel-linux-x86_64-debian-clang, r-devel-linux-x86_64-debian-gcc, r-devel-linux-x86_64-fedora-clang, r-devel-linux-x86_64-fedora-gcc, r-devel-windows-x86_64-new-UL, r-patched-linux-x86_64, r-release-linux-x86_64, r-release-macos-arm64, r-release-macos-x86_64, r-release-windows-ix86+x86_64