CRAN Package Check Results for Package sparseLRMatrix

Last updated on 2022-04-08 01:48:59 CEST.

Flavor Version Tinstall Tcheck Ttotal Status Flags
r-devel-linux-x86_64-debian-clang 0.1.0 7.74 81.41 89.15 NOTE
r-devel-linux-x86_64-debian-gcc 0.1.0 6.99 61.01 68.00 NOTE
r-devel-linux-x86_64-fedora-clang 0.1.0 107.08 NOTE
r-devel-linux-x86_64-fedora-gcc 0.1.0 91.56 NOTE
r-devel-windows-x86_64-new-UL 0.1.0 34.00 97.00 131.00 NOTE
r-patched-linux-x86_64 0.1.0 6.87 78.21 85.08 NOTE
r-release-linux-x86_64 0.1.0 7.04 72.42 79.46 NOTE
r-release-macos-arm64 0.1.0 NOTE
r-release-macos-x86_64 0.1.0 NOTE
r-release-windows-ix86+x86_64 0.1.0 16.00 85.00 101.00 NOTE
r-oldrel-macos-x86_64 0.1.0 OK
r-oldrel-windows-ix86+x86_64 0.1.0 16.00 85.00 101.00 OK

Check Details

Version: 0.1.0
Check: LazyData
Result: NOTE
     'LazyData' is specified without a 'data' directory
Flavors: r-devel-linux-x86_64-debian-clang, r-devel-linux-x86_64-debian-gcc, r-devel-linux-x86_64-fedora-clang, r-devel-linux-x86_64-fedora-gcc, r-devel-windows-x86_64-new-UL, r-patched-linux-x86_64, r-release-linux-x86_64, r-release-macos-arm64, r-release-macos-x86_64, r-release-windows-ix86+x86_64