CRAN Package Check Results for Package sparr

Last updated on 2022-04-08 01:48:59 CEST.

Flavor Version Tinstall Tcheck Ttotal Status Flags
r-devel-linux-x86_64-debian-clang 2.2-16 19.86 147.55 167.41 OK
r-devel-linux-x86_64-debian-gcc 2.2-16 14.27 109.34 123.61 OK
r-devel-linux-x86_64-fedora-clang 2.2-16 204.81 NOTE
r-devel-linux-x86_64-fedora-gcc 2.2-16 185.24 OK
r-devel-windows-x86_64-new-UL 2.2-16 29.00 164.00 193.00 OK
r-patched-linux-x86_64 2.2-16 21.94 138.01 159.95 OK
r-release-linux-x86_64 2.2-16 16.14 135.64 151.78 OK
r-release-macos-arm64 2.2-16 OK
r-release-macos-x86_64 2.2-16 OK
r-release-windows-ix86+x86_64 2.2-16 29.00 145.00 174.00 OK
r-oldrel-macos-x86_64 2.2-16 OK
r-oldrel-windows-ix86+x86_64 2.2-16 30.00 146.00 176.00 OK

Check Details

Version: 2.2-16
Check: Rd cross-references
Result: NOTE
    Undeclared packages ‘splancs’, ‘spatstat.data’ in Rd xrefs
Flavor: r-devel-linux-x86_64-fedora-clang