CRAN Package Check Results for Package sparkline

Last updated on 2022-04-08 01:48:59 CEST.

Flavor Version Tinstall Tcheck Ttotal Status Flags
r-devel-linux-x86_64-debian-clang 2.0 2.29 39.51 41.80 OK
r-devel-linux-x86_64-debian-gcc 2.0 2.06 31.43 33.49 OK
r-devel-linux-x86_64-fedora-clang 2.0 52.60 OK
r-devel-linux-x86_64-fedora-gcc 2.0 40.45 OK
r-devel-windows-x86_64-new-UL 2.0 25.00 64.00 89.00 OK
r-patched-linux-x86_64 2.0 1.81 37.70 39.51 OK
r-release-linux-x86_64 2.0 2.19 36.88 39.07 OK
r-release-macos-arm64 2.0 OK
r-release-macos-x86_64 2.0 WARN
r-release-windows-ix86+x86_64 2.0 6.00 49.00 55.00 OK
r-oldrel-macos-x86_64 2.0 WARN
r-oldrel-windows-ix86+x86_64 2.0 7.00 48.00 55.00 OK

Check Details

Version: 2.0
Check: re-building of vignette outputs
Result: WARN
    Error(s) in re-building vignettes:
     ...
    --- re-building ‘intro_sparkline.Rmd’ using rmarkdown
    Warning in engine$weave(file, quiet = quiet, encoding = enc) :
     Pandoc (>= 1.12.3) not available. Falling back to R Markdown v1.
    PhantomJS not found. You can install it with webshot::install_phantomjs(). If it is installed, please make sure the phantomjs executable can be found via the PATH variable.
    PhantomJS not found. You can install it with webshot::install_phantomjs(). If it is installed, please make sure the phantomjs executable can be found via the PATH variable.
    Quitting from lines 20-30 (intro_sparkline.Rmd)
    Error: processing vignette 'intro_sparkline.Rmd' failed with diagnostics:
    invalid 'path' argument
    --- failed re-building ‘intro_sparkline.Rmd’
    
    SUMMARY: processing the following file failed:
     ‘intro_sparkline.Rmd’
    
    Error: Vignette re-building failed.
    Execution halted
Flavor: r-release-macos-x86_64

Version: 2.0
Check: re-building of vignette outputs
Result: WARN
    Error(s) in re-building vignettes:
     ...
    --- re-building ‘intro_sparkline.Rmd’ using rmarkdown
    Warning in engine$weave(file, quiet = quiet, encoding = enc) :
     Pandoc (>= 1.12.3) and/or pandoc-citeproc not available. Falling back to R Markdown v1.
    PhantomJS not found. You can install it with webshot::install_phantomjs(). If it is installed, please make sure the phantomjs executable can be found via the PATH variable.
    Warning in normalizePath(f2) :
     path[1]="webshot9895bb23bf.png": No such file or directory
    Warning in file(con, "rb") :
     cannot open file 'webshot9895bb23bf.png': No such file or directory
    Quitting from lines 20-30 (intro_sparkline.Rmd)
    Error: processing vignette 'intro_sparkline.Rmd' failed with diagnostics:
    cannot open the connection
    --- failed re-building ‘intro_sparkline.Rmd’
    
    SUMMARY: processing the following file failed:
     ‘intro_sparkline.Rmd’
    
    Error: Vignette re-building failed.
    Execution halted
Flavor: r-oldrel-macos-x86_64