Last updated on 2022-04-08 01:48:59 CEST.
Flavor | Version | Tinstall | Tcheck | Ttotal | Status | Flags |
---|---|---|---|---|---|---|
r-devel-linux-x86_64-debian-clang | 0.1.7 | 4.33 | 34.46 | 38.79 | NOTE | |
r-devel-linux-x86_64-debian-gcc | 0.1.7 | 3.86 | 26.64 | 30.50 | NOTE | |
r-devel-linux-x86_64-fedora-clang | 0.1.7 | 51.98 | NOTE | |||
r-devel-linux-x86_64-fedora-gcc | 0.1.7 | 38.29 | NOTE | |||
r-devel-windows-x86_64-new-UL | 0.1.7 | 279.00 | 70.00 | 349.00 | NOTE | |
r-patched-linux-x86_64 | 0.1.7 | 4.37 | 34.12 | 38.49 | NOTE | |
r-release-linux-x86_64 | 0.1.7 | 3.96 | 31.65 | 35.61 | NOTE | |
r-release-macos-arm64 | 0.1.7 | NOTE | ||||
r-release-macos-x86_64 | 0.1.7 | NOTE | ||||
r-release-windows-ix86+x86_64 | 0.1.7 | 27.00 | 58.00 | 85.00 | NOTE | |
r-oldrel-macos-x86_64 | 0.1.7 | OK | ||||
r-oldrel-windows-ix86+x86_64 | 0.1.7 | 27.00 | 55.00 | 82.00 | OK |
Version: 0.1.7
Check: LazyData
Result: NOTE
'LazyData' is specified without a 'data' directory
Flavors: r-devel-linux-x86_64-debian-clang, r-devel-linux-x86_64-debian-gcc, r-devel-linux-x86_64-fedora-clang, r-devel-linux-x86_64-fedora-gcc, r-devel-windows-x86_64-new-UL, r-patched-linux-x86_64, r-release-linux-x86_64, r-release-macos-arm64, r-release-macos-x86_64, r-release-windows-ix86+x86_64