CRAN Package Check Results for Package sourceR

Last updated on 2022-04-08 01:48:59 CEST.

Flavor Version Tinstall Tcheck Ttotal Status Flags
r-devel-linux-x86_64-debian-clang 1.1.0 44.96 132.95 177.91 OK
r-devel-linux-x86_64-debian-gcc 1.1.0 34.19 94.79 128.98 OK
r-devel-linux-x86_64-fedora-clang 1.1.0 219.04 NOTE
r-devel-linux-x86_64-fedora-gcc 1.1.0 198.37 NOTE
r-devel-windows-x86_64-new-UL 1.1.0 63.00 170.00 233.00 OK
r-patched-linux-x86_64 1.1.0 48.25 121.34 169.59 OK
r-release-linux-x86_64 1.1.0 34.85 115.82 150.67 OK
r-release-macos-arm64 1.1.0 NOTE
r-release-macos-x86_64 1.1.0 NOTE
r-release-windows-ix86+x86_64 1.1.0 85.00 210.00 295.00 OK
r-oldrel-macos-x86_64 1.1.0 NOTE
r-oldrel-windows-ix86+x86_64 1.1.0 85.00 212.00 297.00 OK

Check Details

Version: 1.1.0
Check: dependencies in R code
Result: NOTE
    Namespaces in Imports field not imported from:
     ‘gtools’ ‘reshape2’
     All declared Imports should be used.
Flavors: r-devel-linux-x86_64-fedora-clang, r-devel-linux-x86_64-fedora-gcc, r-release-macos-arm64, r-release-macos-x86_64, r-oldrel-macos-x86_64

Version: 1.1.0
Check: installed package size
Result: NOTE
     installed size is 5.4Mb
     sub-directories of 1Mb or more:
     doc 1.9Mb
     libs 2.5Mb
Flavor: r-release-macos-arm64