Last updated on 2022-04-08 01:48:59 CEST.
Flavor | Version | Tinstall | Tcheck | Ttotal | Status | Flags |
---|---|---|---|---|---|---|
r-devel-linux-x86_64-debian-clang | 1.0.4 | 6.82 | 128.77 | 135.59 | OK | |
r-devel-linux-x86_64-debian-gcc | 1.0.4 | 7.02 | 91.60 | 98.62 | OK | |
r-devel-linux-x86_64-fedora-clang | 1.0.4 | 158.70 | NOTE | |||
r-devel-linux-x86_64-fedora-gcc | 1.0.4 | 146.59 | NOTE | |||
r-devel-windows-x86_64-new-UL | 1.0.4 | 50.00 | 150.00 | 200.00 | OK | |
r-patched-linux-x86_64 | 1.0.4 | 6.54 | 120.36 | 126.90 | OK | |
r-release-linux-x86_64 | 1.0.4 | 4.97 | 119.65 | 124.62 | OK | |
r-release-macos-arm64 | 1.0.4 | NOTE | ||||
r-release-macos-x86_64 | 1.0.4 | NOTE | ||||
r-release-windows-ix86+x86_64 | 1.0.4 | 14.00 | 142.00 | 156.00 | OK | |
r-oldrel-macos-x86_64 | 1.0.4 | NOTE | ||||
r-oldrel-windows-ix86+x86_64 | 1.0.4 | 14.00 | 144.00 | 158.00 | OK |
Version: 1.0.4
Check: dependencies in R code
Result: NOTE
Namespaces in Imports field not imported from:
‘CompQuadForm’ ‘boot’ ‘mvtnorm’
All declared Imports should be used.
Flavors: r-devel-linux-x86_64-fedora-clang, r-devel-linux-x86_64-fedora-gcc, r-release-macos-arm64, r-release-macos-x86_64, r-oldrel-macos-x86_64