CRAN Package Check Results for Package sigmajs

Last updated on 2022-04-08 01:48:58 CEST.

Flavor Version Tinstall Tcheck Ttotal Status Flags
r-devel-linux-x86_64-debian-clang 0.1.5 5.24 69.41 74.65 OK
r-devel-linux-x86_64-debian-gcc 0.1.5 4.49 52.60 57.09 OK
r-devel-linux-x86_64-fedora-clang 0.1.5 90.82 NOTE
r-devel-linux-x86_64-fedora-gcc 0.1.5 78.27 NOTE
r-devel-windows-x86_64-new-UL 0.1.5 110.00 97.00 207.00 OK
r-patched-linux-x86_64 0.1.5 5.53 65.52 71.05 OK
r-release-linux-x86_64 0.1.5 5.48 64.94 70.42 OK
r-release-macos-arm64 0.1.5 NOTE
r-release-macos-x86_64 0.1.5 NOTE
r-release-windows-ix86+x86_64 0.1.5 13.00 85.00 98.00 OK
r-oldrel-macos-x86_64 0.1.5 NOTE
r-oldrel-windows-ix86+x86_64 0.1.5 14.00 83.00 97.00 OK

Check Details

Version: 0.1.5
Check: data for non-ASCII characters
Result: NOTE
     Note: found 28 marked UTF-8 strings
Flavors: r-devel-linux-x86_64-fedora-clang, r-devel-linux-x86_64-fedora-gcc, r-release-macos-arm64, r-release-macos-x86_64, r-oldrel-macos-x86_64