Last updated on 2022-04-08 01:48:58 CEST.
Flavor | Version | Tinstall | Tcheck | Ttotal | Status | Flags |
---|---|---|---|---|---|---|
r-devel-linux-x86_64-debian-clang | 0.1.0 | 12.07 | 80.72 | 92.79 | OK | |
r-devel-linux-x86_64-debian-gcc | 0.1.0 | 7.54 | 59.37 | 66.91 | OK | |
r-devel-linux-x86_64-fedora-clang | 0.1.0 | 110.73 | NOTE | |||
r-devel-linux-x86_64-fedora-gcc | 0.1.0 | 93.17 | NOTE | |||
r-devel-windows-x86_64-new-UL | 0.1.0 | 33.00 | 104.00 | 137.00 | OK | |
r-patched-linux-x86_64 | 0.1.0 | 8.27 | 75.36 | 83.63 | OK | |
r-release-linux-x86_64 | 0.1.0 | 6.50 | 71.03 | 77.53 | OK | |
r-release-macos-arm64 | 0.1.0 | NOTE | ||||
r-release-macos-x86_64 | 0.1.0 | NOTE | ||||
r-release-windows-ix86+x86_64 | 0.1.0 | 26.00 | 114.00 | 140.00 | OK | |
r-oldrel-macos-x86_64 | 0.1.0 | NOTE | ||||
r-oldrel-windows-ix86+x86_64 | 0.1.0 | 25.00 | 117.00 | 142.00 | OK |
Version: 0.1.0
Check: data for non-ASCII characters
Result: NOTE
Note: found 1231 marked UTF-8 strings
Flavors: r-devel-linux-x86_64-fedora-clang, r-devel-linux-x86_64-fedora-gcc, r-release-macos-arm64, r-release-macos-x86_64, r-oldrel-macos-x86_64