CRAN Package Check Results for Package sievePH

Last updated on 2022-04-08 01:48:58 CEST.

Flavor Version Tinstall Tcheck Ttotal Status Flags
r-devel-linux-x86_64-debian-clang 1.0.1 10.01 94.12 104.13 NOTE
r-devel-linux-x86_64-debian-gcc 1.0.1 6.18 71.50 77.68 NOTE
r-devel-linux-x86_64-fedora-clang 1.0.1 126.55 NOTE
r-devel-linux-x86_64-fedora-gcc 1.0.1 112.72 NOTE
r-devel-windows-x86_64-new-UL 1.0.1 18.00 110.00 128.00 NOTE
r-patched-linux-x86_64 1.0.1 11.04 89.47 100.51 NOTE
r-release-linux-x86_64 1.0.1 6.53 87.91 94.44 NOTE
r-release-macos-arm64 1.0.1 NOTE
r-release-macos-x86_64 1.0.1 NOTE
r-release-windows-ix86+x86_64 1.0.1 20.00 78.00 98.00 NOTE
r-oldrel-macos-x86_64 1.0.1 OK
r-oldrel-windows-ix86+x86_64 1.0.1 20.00 101.00 121.00 OK

Check Details

Version: 1.0.1
Check: LazyData
Result: NOTE
     'LazyData' is specified without a 'data' directory
Flavors: r-devel-linux-x86_64-debian-clang, r-devel-linux-x86_64-debian-gcc, r-devel-linux-x86_64-fedora-clang, r-devel-linux-x86_64-fedora-gcc, r-devel-windows-x86_64-new-UL, r-patched-linux-x86_64, r-release-linux-x86_64, r-release-macos-arm64, r-release-macos-x86_64, r-release-windows-ix86+x86_64