CRAN Package Check Results for Package shinymaterial

Last updated on 2022-04-08 01:48:58 CEST.

Flavor Version Tinstall Tcheck Ttotal Status Flags
r-devel-linux-x86_64-debian-clang 1.2.0 3.25 41.48 44.73 NOTE
r-devel-linux-x86_64-debian-gcc 1.2.0 2.60 32.07 34.67 NOTE
r-devel-linux-x86_64-fedora-clang 1.2.0 55.38 NOTE
r-devel-linux-x86_64-fedora-gcc 1.2.0 42.55 NOTE
r-devel-windows-x86_64-new-UL 1.2.0 151.00 68.00 219.00 NOTE
r-patched-linux-x86_64 1.2.0 4.06 39.81 43.87 NOTE
r-release-linux-x86_64 1.2.0 3.14 39.44 42.58 NOTE
r-release-macos-arm64 1.2.0 NOTE
r-release-macos-x86_64 1.2.0 NOTE
r-release-windows-ix86+x86_64 1.2.0 7.00 49.00 56.00 NOTE
r-oldrel-macos-x86_64 1.2.0 OK
r-oldrel-windows-ix86+x86_64 1.2.0 7.00 51.00 58.00 OK

Check Details

Version: 1.2.0
Check: LazyData
Result: NOTE
     'LazyData' is specified without a 'data' directory
Flavors: r-devel-linux-x86_64-debian-clang, r-devel-linux-x86_64-debian-gcc, r-devel-linux-x86_64-fedora-clang, r-devel-linux-x86_64-fedora-gcc, r-devel-windows-x86_64-new-UL, r-patched-linux-x86_64, r-release-linux-x86_64, r-release-macos-arm64, r-release-macos-x86_64, r-release-windows-ix86+x86_64