Last updated on 2022-04-08 01:48:58 CEST.
Flavor | Version | Tinstall | Tcheck | Ttotal | Status | Flags |
---|---|---|---|---|---|---|
r-devel-linux-x86_64-debian-clang | 1.1.0 | 8.59 | 71.43 | 80.02 | OK | |
r-devel-linux-x86_64-debian-gcc | 1.1.0 | 8.05 | 53.21 | 61.26 | OK | |
r-devel-linux-x86_64-fedora-clang | 1.1.0 | 97.46 | NOTE | |||
r-devel-linux-x86_64-fedora-gcc | 1.1.0 | 82.43 | NOTE | |||
r-devel-windows-x86_64-new-UL | 1.1.0 | 116.00 | 87.00 | 203.00 | OK | |
r-patched-linux-x86_64 | 1.1.0 | 9.27 | 66.80 | 76.07 | OK | |
r-release-linux-x86_64 | 1.1.0 | 7.00 | 63.38 | 70.38 | OK | |
r-release-macos-arm64 | 1.1.0 | NOTE | ||||
r-release-macos-x86_64 | 1.1.0 | NOTE | ||||
r-release-windows-ix86+x86_64 | 1.1.0 | 19.00 | 76.00 | 95.00 | OK | |
r-oldrel-macos-x86_64 | 1.1.0 | NOTE | ||||
r-oldrel-windows-ix86+x86_64 | 1.1.0 | 20.00 | 77.00 | 97.00 | OK |
Version: 1.1.0
Check: dependencies in R code
Result: NOTE
Namespaces in Imports field not imported from:
‘R6’ ‘scales’ ‘websocket’
All declared Imports should be used.
Flavors: r-devel-linux-x86_64-fedora-clang, r-devel-linux-x86_64-fedora-gcc, r-release-macos-arm64, r-release-macos-x86_64, r-oldrel-macos-x86_64