Last updated on 2022-04-08 01:48:58 CEST.
Flavor | Version | Tinstall | Tcheck | Ttotal | Status | Flags |
---|---|---|---|---|---|---|
r-devel-linux-x86_64-debian-clang | 0.6.4 | 9.03 | 87.69 | 96.72 | OK | |
r-devel-linux-x86_64-debian-gcc | 0.6.4 | 7.90 | 66.70 | 74.60 | OK | |
r-devel-linux-x86_64-fedora-clang | 0.6.4 | 120.02 | NOTE | |||
r-devel-linux-x86_64-fedora-gcc | 0.6.4 | 104.69 | OK | |||
r-devel-windows-x86_64-new-UL | 0.6.4 | 678.00 | 130.00 | 808.00 | NOTE | |
r-patched-linux-x86_64 | 0.6.4 | 12.16 | 84.33 | 96.49 | OK | |
r-release-linux-x86_64 | 0.6.4 | 9.69 | 82.84 | 92.53 | OK | |
r-release-macos-arm64 | 0.6.4 | NOTE | ||||
r-release-macos-x86_64 | 0.6.4 | NOTE | ||||
r-release-windows-ix86+x86_64 | 0.6.4 | 21.00 | 107.00 | 128.00 | NOTE | |
r-oldrel-macos-x86_64 | 0.6.4 | NOTE | ||||
r-oldrel-windows-ix86+x86_64 | 0.6.4 | 21.00 | 106.00 | 127.00 | NOTE |
Version: 0.6.4
Check: installed package size
Result: NOTE
installed size is 5.5Mb
sub-directories of 1Mb or more:
assets 4.2Mb
Flavors: r-devel-linux-x86_64-fedora-clang, r-devel-windows-x86_64-new-UL, r-release-macos-arm64, r-release-macos-x86_64, r-release-windows-ix86+x86_64, r-oldrel-macos-x86_64, r-oldrel-windows-ix86+x86_64