Last updated on 2022-04-08 01:48:58 CEST.
Flavor | Version | Tinstall | Tcheck | Ttotal | Status | Flags |
---|---|---|---|---|---|---|
r-devel-linux-x86_64-debian-clang | 0.7 | 3.00 | 33.18 | 36.18 | NOTE | |
r-devel-linux-x86_64-debian-gcc | 0.7 | 2.19 | 25.89 | 28.08 | NOTE | |
r-devel-linux-x86_64-fedora-clang | 0.7 | 44.96 | NOTE | |||
r-devel-linux-x86_64-fedora-gcc | 0.7 | 33.12 | NOTE | |||
r-devel-windows-x86_64-new-UL | 0.7 | 16.00 | 57.00 | 73.00 | NOTE | |
r-patched-linux-x86_64 | 0.7 | 2.99 | 32.35 | 35.34 | NOTE | |
r-release-linux-x86_64 | 0.7 | 2.46 | 32.15 | 34.61 | NOTE | |
r-release-macos-arm64 | 0.7 | NOTE | ||||
r-release-macos-x86_64 | 0.7 | NOTE | ||||
r-release-windows-ix86+x86_64 | 0.7 | 5.00 | 38.00 | 43.00 | NOTE | |
r-oldrel-macos-x86_64 | 0.7 | NOTE | ||||
r-oldrel-windows-ix86+x86_64 | 0.7 | 5.00 | 43.00 | 48.00 | NOTE |
Version: 0.7
Check: DESCRIPTION meta-information
Result: NOTE
Malformed Description field: should contain one or more complete sentences.
Flavors: r-devel-linux-x86_64-debian-clang, r-devel-linux-x86_64-debian-gcc, r-devel-linux-x86_64-fedora-clang, r-devel-linux-x86_64-fedora-gcc, r-devel-windows-x86_64-new-UL, r-patched-linux-x86_64, r-release-linux-x86_64, r-release-macos-arm64, r-release-macos-x86_64, r-release-windows-ix86+x86_64, r-oldrel-macos-x86_64, r-oldrel-windows-ix86+x86_64
Version: 0.7
Check: dependencies in R code
Result: NOTE
'library' or 'require' call to 'foreign' which was already attached by Depends.
Please remove these calls from your code.
Flavors: r-devel-linux-x86_64-debian-clang, r-devel-linux-x86_64-debian-gcc, r-devel-linux-x86_64-fedora-clang, r-devel-linux-x86_64-fedora-gcc, r-devel-windows-x86_64-new-UL, r-patched-linux-x86_64, r-release-linux-x86_64, r-release-macos-arm64, r-release-macos-x86_64, r-release-windows-ix86+x86_64, r-oldrel-macos-x86_64, r-oldrel-windows-ix86+x86_64