Last updated on 2022-04-08 01:48:58 CEST.
Flavor | Version | Tinstall | Tcheck | Ttotal | Status | Flags |
---|---|---|---|---|---|---|
r-devel-linux-x86_64-debian-clang | 0.2.5 | 12.09 | 137.33 | 149.42 | NOTE | |
r-devel-linux-x86_64-debian-gcc | 0.2.5 | 9.11 | 105.05 | 114.16 | NOTE | |
r-devel-linux-x86_64-fedora-clang | 0.2.5 | 193.70 | NOTE | |||
r-devel-linux-x86_64-fedora-gcc | 0.2.5 | 174.04 | NOTE | |||
r-devel-windows-x86_64-new-UL | 0.2.5 | 265.00 | 371.00 | 636.00 | NOTE | |
r-patched-linux-x86_64 | 0.2.5 | 10.77 | 132.11 | 142.88 | NOTE | |
r-release-linux-x86_64 | 0.2.5 | 8.86 | 141.34 | 150.20 | NOTE | |
r-release-macos-arm64 | 0.2.5 | NOTE | ||||
r-release-macos-x86_64 | 0.2.5 | NOTE | ||||
r-release-windows-ix86+x86_64 | 0.2.5 | 34.00 | 220.00 | 254.00 | NOTE | |
r-oldrel-macos-x86_64 | 0.2.5 | OK | ||||
r-oldrel-windows-ix86+x86_64 | 0.2.5 | 36.00 | 217.00 | 253.00 | OK |
Version: 0.2.5
Check: LazyData
Result: NOTE
'LazyData' is specified without a 'data' directory
Flavors: r-devel-linux-x86_64-debian-clang, r-devel-linux-x86_64-debian-gcc, r-devel-linux-x86_64-fedora-clang, r-devel-linux-x86_64-fedora-gcc, r-devel-windows-x86_64-new-UL, r-patched-linux-x86_64, r-release-linux-x86_64, r-release-macos-arm64, r-release-macos-x86_64, r-release-windows-ix86+x86_64