Last updated on 2022-04-08 01:48:58 CEST.
Flavor | Version | Tinstall | Tcheck | Ttotal | Status | Flags |
---|---|---|---|---|---|---|
r-devel-linux-x86_64-debian-clang | 0.1.0 | 2.37 | 29.87 | 32.24 | NOTE | |
r-devel-linux-x86_64-debian-gcc | 0.1.0 | 1.85 | 23.49 | 25.34 | NOTE | |
r-devel-linux-x86_64-fedora-clang | 0.1.0 | 40.02 | NOTE | |||
r-devel-linux-x86_64-fedora-gcc | 0.1.0 | 28.73 | NOTE | |||
r-devel-windows-x86_64-new-UL | 0.1.0 | 19.00 | 47.00 | 66.00 | NOTE | |
r-patched-linux-x86_64 | 0.1.0 | 2.15 | 28.85 | 31.00 | NOTE | |
r-release-linux-x86_64 | 0.1.0 | 1.81 | 28.04 | 29.85 | NOTE | |
r-release-macos-arm64 | 0.1.0 | NOTE | ||||
r-release-macos-x86_64 | 0.1.0 | NOTE | ||||
r-release-windows-ix86+x86_64 | 0.1.0 | 7.00 | 37.00 | 44.00 | NOTE | |
r-oldrel-macos-x86_64 | 0.1.0 | NOTE | ||||
r-oldrel-windows-ix86+x86_64 | 0.1.0 | 8.00 | 38.00 | 46.00 | OK |
Version: 0.1.0
Check: LazyData
Result: NOTE
'LazyData' is specified without a 'data' directory
Flavors: r-devel-linux-x86_64-debian-clang, r-devel-linux-x86_64-debian-gcc, r-devel-linux-x86_64-fedora-clang, r-devel-linux-x86_64-fedora-gcc, r-devel-windows-x86_64-new-UL, r-patched-linux-x86_64, r-release-linux-x86_64, r-release-macos-arm64, r-release-macos-x86_64, r-release-windows-ix86+x86_64
Version: 0.1.0
Check: dependencies in R code
Result: NOTE
Namespaces in Imports field not imported from:
‘dplyr’ ‘lavaan’ ‘psych’ ‘semPlot’ ‘semTools’ ‘shinyAce’
All declared Imports should be used.
Flavors: r-devel-linux-x86_64-fedora-clang, r-devel-linux-x86_64-fedora-gcc, r-release-macos-arm64, r-release-macos-x86_64, r-oldrel-macos-x86_64