CRAN Package Check Results for Package sejmRP

Last updated on 2022-04-08 01:48:58 CEST.

Flavor Version Tinstall Tcheck Ttotal Status Flags
r-devel-linux-x86_64-debian-clang 1.3.4 9.13 74.41 83.54 NOTE
r-devel-linux-x86_64-debian-gcc 1.3.4 6.28 56.09 62.37 NOTE
r-devel-linux-x86_64-fedora-clang 1.3.4 100.44 NOTE
r-devel-linux-x86_64-fedora-gcc 1.3.4 85.64 NOTE
r-devel-windows-x86_64-new-UL 1.3.4 31.00 93.00 124.00 NOTE
r-patched-linux-x86_64 1.3.4 8.58 69.50 78.08 NOTE
r-release-linux-x86_64 1.3.4 8.81 67.07 75.88 NOTE
r-release-macos-arm64 1.3.4 NOTE
r-release-macos-x86_64 1.3.4 NOTE
r-release-windows-ix86+x86_64 1.3.4 14.00 81.00 95.00 NOTE
r-oldrel-macos-x86_64 1.3.4 NOTE
r-oldrel-windows-ix86+x86_64 1.3.4 20.00 82.00 102.00 OK

Check Details

Version: 1.3.4
Check: LazyData
Result: NOTE
     'LazyData' is specified without a 'data' directory
Flavors: r-devel-linux-x86_64-debian-clang, r-devel-linux-x86_64-debian-gcc, r-devel-linux-x86_64-fedora-clang, r-devel-linux-x86_64-fedora-gcc, r-devel-windows-x86_64-new-UL, r-patched-linux-x86_64, r-release-linux-x86_64, r-release-macos-arm64, r-release-macos-x86_64, r-release-windows-ix86+x86_64

Version: 1.3.4
Check: dependencies in R code
Result: NOTE
    Namespaces in Imports field not imported from:
     ‘cluster’ ‘factoextra’ ‘tidyr’
     All declared Imports should be used.
Flavors: r-devel-linux-x86_64-fedora-clang, r-devel-linux-x86_64-fedora-gcc, r-release-macos-arm64, r-release-macos-x86_64, r-oldrel-macos-x86_64