Last updated on 2022-04-08 01:48:58 CEST.
Flavor | Version | Tinstall | Tcheck | Ttotal | Status | Flags |
---|---|---|---|---|---|---|
r-devel-linux-x86_64-debian-clang | 2.2.0 | 13.27 | 161.06 | 174.33 | OK | |
r-devel-linux-x86_64-debian-gcc | 2.2.0 | 13.00 | 120.45 | 133.45 | OK | |
r-devel-linux-x86_64-fedora-clang | 2.2.0 | 219.01 | OK | |||
r-devel-linux-x86_64-fedora-gcc | 2.2.0 | 203.75 | OK | |||
r-devel-windows-x86_64-new-UL | 2.2.0 | 80.00 | 220.00 | 300.00 | OK | |
r-patched-linux-x86_64 | 2.2.0 | 20.95 | 152.42 | 173.37 | OK | |
r-release-linux-x86_64 | 2.2.0 | 13.23 | 152.99 | 166.22 | OK | |
r-release-macos-arm64 | 2.2.0 | OK | ||||
r-release-macos-x86_64 | 2.2.0 | OK | ||||
r-release-windows-ix86+x86_64 | 2.2.0 | 2.00 | 8.00 | 10.00 | ERROR | |
r-oldrel-macos-x86_64 | 2.2.0 | OK | ||||
r-oldrel-windows-ix86+x86_64 | 2.2.0 | 2.00 | 8.00 | 10.00 | ERROR |
Version: 2.2.0
Check: whether package can be installed
Result: ERROR
Installation failed.
Flavors: r-release-windows-ix86+x86_64, r-oldrel-windows-ix86+x86_64