Last updated on 2022-04-08 01:48:58 CEST.
Flavor | Version | Tinstall | Tcheck | Ttotal | Status | Flags |
---|---|---|---|---|---|---|
r-devel-linux-x86_64-debian-clang | 0.0.2 | 2.54 | 63.65 | 66.19 | OK | |
r-devel-linux-x86_64-debian-gcc | 0.0.2 | 1.95 | 47.65 | 49.60 | OK | |
r-devel-linux-x86_64-fedora-clang | 0.0.2 | 84.58 | NOTE | |||
r-devel-linux-x86_64-fedora-gcc | 0.0.2 | 70.71 | NOTE | |||
r-devel-windows-x86_64-new-UL | 0.0.2 | 32.00 | 86.00 | 118.00 | OK | |
r-patched-linux-x86_64 | 0.0.2 | 6.06 | 60.85 | 66.91 | OK | |
r-release-linux-x86_64 | 0.0.2 | 2.88 | 57.02 | 59.90 | OK | |
r-release-macos-arm64 | 0.0.2 | NOTE | ||||
r-release-macos-x86_64 | 0.0.2 | NOTE | ||||
r-release-windows-ix86+x86_64 | 0.0.2 | 7.00 | 72.00 | 79.00 | OK | |
r-oldrel-macos-x86_64 | 0.0.2 | NOTE | ||||
r-oldrel-windows-ix86+x86_64 | 0.0.2 | 8.00 | 71.00 | 79.00 | OK |
Version: 0.0.2
Check: dependencies in R code
Result: NOTE
Namespace in Imports field not imported from: ‘sp’
All declared Imports should be used.
Flavors: r-devel-linux-x86_64-fedora-clang, r-devel-linux-x86_64-fedora-gcc, r-release-macos-arm64, r-release-macos-x86_64, r-oldrel-macos-x86_64