Last updated on 2022-04-08 01:48:58 CEST.
Flavor | Version | Tinstall | Tcheck | Ttotal | Status | Flags |
---|---|---|---|---|---|---|
r-devel-linux-x86_64-debian-clang | 0.4 | 2.40 | 35.01 | 37.41 | NOTE | |
r-devel-linux-x86_64-debian-gcc | 0.4 | 1.94 | 27.18 | 29.12 | NOTE | |
r-devel-linux-x86_64-fedora-clang | 0.4 | 50.44 | NOTE | |||
r-devel-linux-x86_64-fedora-gcc | 0.4 | 33.97 | NOTE | |||
r-devel-windows-x86_64-new-UL | 0.4 | 27.00 | 48.00 | 75.00 | NOTE | |
r-patched-linux-x86_64 | 0.4 | 2.92 | 33.45 | 36.37 | NOTE | |
r-release-linux-x86_64 | 0.4 | 2.61 | 33.31 | 35.92 | NOTE | |
r-release-macos-arm64 | 0.4 | NOTE | ||||
r-release-macos-x86_64 | 0.4 | NOTE | ||||
r-release-windows-ix86+x86_64 | 0.4 | 5.00 | 29.00 | 34.00 | NOTE | |
r-oldrel-macos-x86_64 | 0.4 | NOTE | ||||
r-oldrel-windows-ix86+x86_64 | 0.4 | 4.00 | 28.00 | 32.00 | NOTE |
Version: 0.4
Check: DESCRIPTION meta-information
Result: NOTE
Malformed Description field: should contain one or more complete sentences.
Flavors: r-devel-linux-x86_64-debian-clang, r-devel-linux-x86_64-debian-gcc, r-devel-linux-x86_64-fedora-clang, r-devel-linux-x86_64-fedora-gcc, r-devel-windows-x86_64-new-UL, r-patched-linux-x86_64, r-release-linux-x86_64, r-release-macos-arm64, r-release-macos-x86_64, r-release-windows-ix86+x86_64, r-oldrel-macos-x86_64, r-oldrel-windows-ix86+x86_64
Version: 0.4
Check: R code for possible problems
Result: NOTE
prime.factor: no visible global function definition for 'data'
prime.factor: no visible binding for global variable 'primlist'
Undefined global functions or variables:
data primlist
Consider adding
importFrom("utils", "data")
to your NAMESPACE file.
Found the following calls to data() loading into the global environment:
File 'schoolmath/R/prime.factor.R':
data(primlist)
See section 'Good practice' in '?data'.
Flavors: r-devel-linux-x86_64-debian-clang, r-devel-linux-x86_64-debian-gcc, r-devel-linux-x86_64-fedora-clang, r-patched-linux-x86_64, r-release-linux-x86_64
Version: 0.4
Check: R code for possible problems
Result: NOTE
prime.factor: no visible global function definition for ‘data’
prime.factor: no visible binding for global variable ‘primlist’
Undefined global functions or variables:
data primlist
Consider adding
importFrom("utils", "data")
to your NAMESPACE file.
Flavors: r-devel-linux-x86_64-fedora-gcc, r-devel-windows-x86_64-new-UL, r-release-macos-arm64, r-release-macos-x86_64, r-release-windows-ix86+x86_64, r-oldrel-macos-x86_64, r-oldrel-windows-ix86+x86_64