Last updated on 2022-04-08 01:48:58 CEST.
Flavor | Version | Tinstall | Tcheck | Ttotal | Status | Flags |
---|---|---|---|---|---|---|
r-devel-linux-x86_64-debian-clang | 1.0.2 | 73.71 | 289.51 | 363.22 | NOTE | |
r-devel-linux-x86_64-debian-gcc | 1.0.2 | 61.39 | 213.52 | 274.91 | NOTE | |
r-devel-linux-x86_64-fedora-clang | 1.0.2 | 481.07 | NOTE | |||
r-devel-linux-x86_64-fedora-gcc | 1.0.2 | 441.78 | NOTE | |||
r-devel-windows-x86_64-new-UL | 1.0.2 | 81.00 | 297.00 | 378.00 | OK | |
r-patched-linux-x86_64 | 1.0.2 | 63.59 | 271.25 | 334.84 | NOTE | |
r-release-linux-x86_64 | 1.0.2 | 61.24 | 253.18 | 314.42 | NOTE | |
r-release-macos-arm64 | 1.0.2 | OK | ||||
r-release-macos-x86_64 | 1.0.2 | OK | ||||
r-release-windows-ix86+x86_64 | 1.0.2 | 170.00 | 397.00 | 567.00 | OK | |
r-oldrel-macos-x86_64 | 1.0.2 | ERROR | ||||
r-oldrel-windows-ix86+x86_64 | 1.0.2 | 166.00 | 398.00 | 564.00 | OK |
Version: 1.0.2
Check: package dependencies
Result: NOTE
Package suggested but not available for checking: 'conos'
Flavors: r-devel-linux-x86_64-debian-clang, r-devel-linux-x86_64-debian-gcc, r-patched-linux-x86_64, r-release-linux-x86_64
Version: 1.0.2
Check: package dependencies
Result: NOTE
Packages suggested but not available for checking: 'conos', 'pagoda2'
Flavors: r-devel-linux-x86_64-fedora-clang, r-devel-linux-x86_64-fedora-gcc
Version: 1.0.2
Check: package dependencies
Result: ERROR
Package required but not available: ‘fgsea’
Package suggested but not available for checking: ‘simplifyEnrichment’
See section ‘The DESCRIPTION file’ in the ‘Writing R Extensions’
manual.
Flavor: r-oldrel-macos-x86_64