CRAN Package Check Results for Package sbmSDP

Last updated on 2022-04-08 01:48:58 CEST.

Flavor Version Tinstall Tcheck Ttotal Status Flags
r-devel-linux-x86_64-debian-clang 0.2 30.72 43.20 73.92 OK
r-devel-linux-x86_64-debian-gcc 0.2 27.58 33.17 60.75 OK
r-devel-linux-x86_64-fedora-clang 0.2 105.63 NOTE
r-devel-linux-x86_64-fedora-gcc 0.2 85.44 NOTE
r-devel-windows-x86_64-new-UL 0.2 32.00 87.00 119.00 OK
r-patched-linux-x86_64 0.2 29.00 40.80 69.80 OK
r-release-linux-x86_64 0.2 26.29 40.25 66.54 OK
r-release-macos-arm64 0.2 OK
r-release-macos-x86_64 0.2 OK
r-release-windows-ix86+x86_64 0.2 79.00 80.00 159.00 OK
r-oldrel-macos-x86_64 0.2 OK
r-oldrel-windows-ix86+x86_64 0.2 79.00 84.00 163.00 OK

Check Details

Version: 0.2
Check: compiled code
Result: NOTE
    File ‘sbmSDP/libs/sbmSDP.so’:
     Found no calls to: ‘R_registerRoutines’, ‘R_useDynamicSymbols’
    
    It is good practice to register native routines and to disable symbol
    search.
    
    See ‘Writing portable packages’ in the ‘Writing R Extensions’ manual.
Flavors: r-devel-linux-x86_64-fedora-clang, r-devel-linux-x86_64-fedora-gcc