Last updated on 2022-04-08 01:48:58 CEST.
Flavor | Version | Tinstall | Tcheck | Ttotal | Status | Flags |
---|---|---|---|---|---|---|
r-devel-linux-x86_64-debian-clang | 0.3.0 | 5.65 | 78.15 | 83.80 | OK | |
r-devel-linux-x86_64-debian-gcc | 0.3.0 | 4.38 | 58.17 | 62.55 | OK | |
r-devel-linux-x86_64-fedora-clang | 0.3.0 | 105.42 | NOTE | |||
r-devel-linux-x86_64-fedora-gcc | 0.3.0 | 89.83 | NOTE | |||
r-devel-windows-x86_64-new-UL | 0.3.0 | 27.00 | 93.00 | 120.00 | OK | |
r-patched-linux-x86_64 | 0.3.0 | 4.37 | 72.34 | 76.71 | OK | |
r-release-linux-x86_64 | 0.3.0 | 5.79 | 70.16 | 75.95 | OK | |
r-release-macos-arm64 | 0.3.0 | NOTE | ||||
r-release-macos-x86_64 | 0.3.0 | NOTE | ||||
r-release-windows-ix86+x86_64 | 0.3.0 | 16.00 | 84.00 | 100.00 | OK | |
r-oldrel-macos-x86_64 | 0.3.0 | NOTE | ||||
r-oldrel-windows-ix86+x86_64 | 0.3.0 | 16.00 | 83.00 | 99.00 | OK |
Version: 0.3.0
Check: data for non-ASCII characters
Result: NOTE
Note: found 91 marked UTF-8 strings
Flavors: r-devel-linux-x86_64-fedora-clang, r-devel-linux-x86_64-fedora-gcc, r-release-macos-arm64, r-release-macos-x86_64, r-oldrel-macos-x86_64