CRAN Package Check Results for Package safedata

Last updated on 2022-04-08 01:48:58 CEST.

Flavor Version Tinstall Tcheck Ttotal Status Flags
r-devel-linux-x86_64-debian-clang 1.1.0 3.68 72.26 75.94 ERROR
r-devel-linux-x86_64-debian-gcc 1.1.0 3.49 52.62 56.11 ERROR
r-devel-linux-x86_64-fedora-clang 1.1.0 89.70 ERROR
r-devel-linux-x86_64-fedora-gcc 1.1.0 77.00 ERROR
r-devel-windows-x86_64-new-UL 1.1.0 40.00 256.00 296.00 ERROR
r-patched-linux-x86_64 1.1.0 3.26 68.05 71.31 ERROR
r-release-linux-x86_64 1.1.0 3.72 65.62 69.34 ERROR
r-release-macos-arm64 1.1.0 OK
r-release-macos-x86_64 1.1.0 OK
r-release-windows-ix86+x86_64 1.1.0 9.00 91.00 100.00 OK
r-oldrel-macos-x86_64 1.1.0 OK
r-oldrel-windows-ix86+x86_64 1.1.0 10.00 89.00 99.00 OK

Additional issues

M1mac

Check Details

Version: 1.1.0
Check: tests
Result: ERROR
     Running 'testthat.R' [7s/171s]
    Running the tests in 'tests/testthat.R' failed.
    Complete output:
     > library(testthat)
     > library(safedata)
     SAFE package reminder: Please set SAFE data directory using set_safe_dir()
     >
     > test_check("safedata")
     [ FAIL 3 | WARN 0 | SKIP 3 | PASS 45 ]
    
     == Skipped tests ===============================================================
     * On CRAN (3)
    
     == Failed tests ================================================================
     -- Failure (test-index.R:75:5): Specific resource unavailable fails gracefully on update - atomic update. --
     `set_safe_dir(test_sd, update = TRUE)` produced unexpected messages.
     Expected match: Unable to download updates, using existing index files
     Actual values:
     * Checking for updates
    
     * Unable to check for updates, using existing index files:
    
     * URL timed out
    
     * Loading and caching index
    
     * Validating directory
    
     -- Failure (test-load_safe.R:56:5): Download dataset fails gracefully on Zenodo down --
     `download_safe_files(1198475, confirm = FALSE)` produced unexpected messages.
     Expected match: Failed to download:
     Actual values:
     * 1 files requested from 1 records
     - 0 local (0 bytes)
     - 0 embargoed or restricted (0 bytes)
     - 1 to download (34.4 Kb)
    
     * Downloading 1 record metadata files
    
    
     * Failed to download metadata: 1198475
    
     * URL timed out
    
     * Could not download metadata, aborting download:
    
     *
    
     -- Failure (test-load_safe.R:62:5): Download dataset fails gracefully on Zenodo down --
     `success` has length 1, not length 0.
    
     [ FAIL 3 | WARN 0 | SKIP 3 | PASS 45 ]
     Error: Test failures
     Execution halted
Flavor: r-devel-linux-x86_64-debian-clang

Version: 1.1.0
Check: tests
Result: ERROR
     Running ‘testthat.R’ [5s/171s]
    Running the tests in ‘tests/testthat.R’ failed.
    Complete output:
     > library(testthat)
     > library(safedata)
     SAFE package reminder: Please set SAFE data directory using set_safe_dir()
     >
     > test_check("safedata")
     [ FAIL 3 | WARN 0 | SKIP 3 | PASS 45 ]
    
     ══ Skipped tests ═══════════════════════════════════════════════════════════════
     • On CRAN (3)
    
     ══ Failed tests ════════════════════════════════════════════════════════════════
     ── Failure (test-index.R:75:5): Specific resource unavailable fails gracefully on update - atomic update. ──
     `set_safe_dir(test_sd, update = TRUE)` produced unexpected messages.
     Expected match: Unable to download updates, using existing index files
     Actual values:
     * Checking for updates
    
     * Unable to check for updates, using existing index files:
    
     * URL timed out
    
     * Loading and caching index
    
     * Validating directory
    
     ── Failure (test-load_safe.R:56:5): Download dataset fails gracefully on Zenodo down ──
     `download_safe_files(1198475, confirm = FALSE)` produced unexpected messages.
     Expected match: Failed to download:
     Actual values:
     * 1 files requested from 1 records
     - 0 local (0 bytes)
     - 0 embargoed or restricted (0 bytes)
     - 1 to download (34.4 Kb)
    
     * Downloading 1 record metadata files
    
    
     * Failed to download metadata: 1198475
    
     * URL timed out
    
     * Could not download metadata, aborting download:
    
     *
    
     ── Failure (test-load_safe.R:62:5): Download dataset fails gracefully on Zenodo down ──
     `success` has length 1, not length 0.
    
     [ FAIL 3 | WARN 0 | SKIP 3 | PASS 45 ]
     Error: Test failures
     Execution halted
Flavor: r-devel-linux-x86_64-debian-gcc

Version: 1.1.0
Check: tests
Result: ERROR
     Running ‘testthat.R’ [8s/173s]
    Running the tests in ‘tests/testthat.R’ failed.
    Complete output:
     > library(testthat)
     > library(safedata)
     SAFE package reminder: Please set SAFE data directory using set_safe_dir()
     >
     > test_check("safedata")
     [ FAIL 3 | WARN 0 | SKIP 3 | PASS 45 ]
    
     ══ Skipped tests ═══════════════════════════════════════════════════════════════
     • On CRAN (3)
    
     ══ Failed tests ════════════════════════════════════════════════════════════════
     ── Failure (test-index.R:75:5): Specific resource unavailable fails gracefully on update - atomic update. ──
     `set_safe_dir(test_sd, update = TRUE)` produced unexpected messages.
     Expected match: Unable to download updates, using existing index files
     Actual values:
     * Checking for updates
    
     * Unable to check for updates, using existing index files:
    
     * URL timed out
    
     * Loading and caching index
    
     * Validating directory
    
     ── Failure (test-load_safe.R:56:5): Download dataset fails gracefully on Zenodo down ──
     `download_safe_files(1198475, confirm = FALSE)` produced unexpected messages.
     Expected match: Failed to download:
     Actual values:
     * 1 files requested from 1 records
     - 0 local (0 bytes)
     - 0 embargoed or restricted (0 bytes)
     - 1 to download (34.4 Kb)
    
     * Downloading 1 record metadata files
    
    
     * Failed to download metadata: 1198475
    
     * URL timed out
    
     * Could not download metadata, aborting download:
    
     *
    
     ── Failure (test-load_safe.R:62:5): Download dataset fails gracefully on Zenodo down ──
     `success` has length 1, not length 0.
    
     [ FAIL 3 | WARN 0 | SKIP 3 | PASS 45 ]
     Error: Test failures
     Execution halted
Flavor: r-devel-linux-x86_64-fedora-clang

Version: 1.1.0
Check: tests
Result: ERROR
     Running ‘testthat.R’ [7s/173s]
    Running the tests in ‘tests/testthat.R’ failed.
    Complete output:
     > library(testthat)
     > library(safedata)
     SAFE package reminder: Please set SAFE data directory using set_safe_dir()
     >
     > test_check("safedata")
     [ FAIL 3 | WARN 0 | SKIP 3 | PASS 45 ]
    
     ══ Skipped tests ═══════════════════════════════════════════════════════════════
     • On CRAN (3)
    
     ══ Failed tests ════════════════════════════════════════════════════════════════
     ── Failure (test-index.R:75:5): Specific resource unavailable fails gracefully on update - atomic update. ──
     `set_safe_dir(test_sd, update = TRUE)` produced unexpected messages.
     Expected match: Unable to download updates, using existing index files
     Actual values:
     * Checking for updates
    
     * Unable to check for updates, using existing index files:
    
     * URL timed out
    
     * Loading and caching index
    
     * Validating directory
    
     ── Failure (test-load_safe.R:56:5): Download dataset fails gracefully on Zenodo down ──
     `download_safe_files(1198475, confirm = FALSE)` produced unexpected messages.
     Expected match: Failed to download:
     Actual values:
     * 1 files requested from 1 records
     - 0 local (0 bytes)
     - 0 embargoed or restricted (0 bytes)
     - 1 to download (34.4 Kb)
    
     * Downloading 1 record metadata files
    
    
     * Failed to download metadata: 1198475
    
     * URL timed out
    
     * Could not download metadata, aborting download:
    
     *
    
     ── Failure (test-load_safe.R:62:5): Download dataset fails gracefully on Zenodo down ──
     `success` has length 1, not length 0.
    
     [ FAIL 3 | WARN 0 | SKIP 3 | PASS 45 ]
     Error: Test failures
     Execution halted
Flavor: r-devel-linux-x86_64-fedora-gcc

Version: 1.1.0
Check: tests
Result: ERROR
     Running 'testthat.R' [169s]
    Running the tests in 'tests/testthat.R' failed.
    Complete output:
     > library(testthat)
     > library(safedata)
     SAFE package reminder: Please set SAFE data directory using set_safe_dir()
     >
     > test_check("safedata")
     [ FAIL 3 | WARN 0 | SKIP 3 | PASS 45 ]
    
     ══ Skipped tests ═══════════════════════════════════════════════════════════════
     • On CRAN (3)
    
     ══ Failed tests ════════════════════════════════════════════════════════════════
     ── Failure (test-index.R:75:5): Specific resource unavailable fails gracefully on update - atomic update. ──
     `set_safe_dir(test_sd, update = TRUE)` produced unexpected messages.
     Expected match: Unable to download updates, using existing index files
     Actual values:
     * Checking for updates
    
     * Unable to check for updates, using existing index files:
    
     * URL timed out
    
     * Loading and caching index
    
     * Validating directory
    
     ── Failure (test-load_safe.R:56:5): Download dataset fails gracefully on Zenodo down ──
     `download_safe_files(1198475, confirm = FALSE)` produced unexpected messages.
     Expected match: Failed to download:
     Actual values:
     * 1 files requested from 1 records
     - 0 local (0 bytes)
     - 0 embargoed or restricted (0 bytes)
     - 1 to download (34.4 Kb)
    
     * Downloading 1 record metadata files
    
    
     * Failed to download metadata: 1198475
    
     * URL timed out
    
     * Could not download metadata, aborting download:
    
     *
    
     ── Failure (test-load_safe.R:62:5): Download dataset fails gracefully on Zenodo down ──
     `success` has length 1, not length 0.
    
     [ FAIL 3 | WARN 0 | SKIP 3 | PASS 45 ]
     Error: Test failures
     Execution halted
Flavor: r-devel-windows-x86_64-new-UL

Version: 1.1.0
Check: tests
Result: ERROR
     Running ‘testthat.R’ [6s/170s]
    Running the tests in ‘tests/testthat.R’ failed.
    Complete output:
     > library(testthat)
     > library(safedata)
     SAFE package reminder: Please set SAFE data directory using set_safe_dir()
     >
     > test_check("safedata")
     [ FAIL 3 | WARN 0 | SKIP 3 | PASS 45 ]
    
     ══ Skipped tests ═══════════════════════════════════════════════════════════════
     • On CRAN (3)
    
     ══ Failed tests ════════════════════════════════════════════════════════════════
     ── Failure (test-index.R:75:5): Specific resource unavailable fails gracefully on update - atomic update. ──
     `set_safe_dir(test_sd, update = TRUE)` produced unexpected messages.
     Expected match: Unable to download updates, using existing index files
     Actual values:
     * Checking for updates
    
     * Unable to check for updates, using existing index files:
    
     * URL timed out
    
     * Loading and caching index
    
     * Validating directory
    
     ── Failure (test-load_safe.R:56:5): Download dataset fails gracefully on Zenodo down ──
     `download_safe_files(1198475, confirm = FALSE)` produced unexpected messages.
     Expected match: Failed to download:
     Actual values:
     * 1 files requested from 1 records
     - 0 local (0 bytes)
     - 0 embargoed or restricted (0 bytes)
     - 1 to download (34.4 Kb)
    
     * Downloading 1 record metadata files
    
    
     * Failed to download metadata: 1198475
    
     * URL timed out
    
     * Could not download metadata, aborting download:
    
     *
    
     ── Failure (test-load_safe.R:62:5): Download dataset fails gracefully on Zenodo down ──
     `success` has length 1, not length 0.
    
     [ FAIL 3 | WARN 0 | SKIP 3 | PASS 45 ]
     Error: Test failures
     Execution halted
Flavors: r-patched-linux-x86_64, r-release-linux-x86_64