Last updated on 2022-04-08 01:48:57 CEST.
Flavor | Version | Tinstall | Tcheck | Ttotal | Status | Flags |
---|---|---|---|---|---|---|
r-devel-linux-x86_64-debian-clang | 1.01 | 2.80 | 31.99 | 34.79 | NOTE | |
r-devel-linux-x86_64-debian-gcc | 1.01 | 1.68 | 24.73 | 26.41 | NOTE | |
r-devel-linux-x86_64-fedora-clang | 1.01 | 41.25 | NOTE | |||
r-devel-linux-x86_64-fedora-gcc | 1.01 | 30.30 | NOTE | |||
r-devel-windows-x86_64-new-UL | 1.01 | 9.00 | 48.00 | 57.00 | NOTE | |
r-patched-linux-x86_64 | 1.01 | 2.33 | 30.47 | 32.80 | NOTE | |
r-release-linux-x86_64 | 1.01 | 2.62 | 30.13 | 32.75 | NOTE | |
r-release-macos-arm64 | 1.01 | NOTE | ||||
r-release-macos-x86_64 | 1.01 | NOTE | ||||
r-release-windows-ix86+x86_64 | 1.01 | 6.00 | 40.00 | 46.00 | NOTE | |
r-oldrel-macos-x86_64 | 1.01 | NOTE | ||||
r-oldrel-windows-ix86+x86_64 | 1.01 | 6.00 | 40.00 | 46.00 | NOTE |
Version: 1.01
Check: DESCRIPTION meta-information
Result: NOTE
Malformed Title field: should not end in a period.
Flavors: r-devel-linux-x86_64-debian-clang, r-devel-linux-x86_64-debian-gcc, r-devel-linux-x86_64-fedora-clang, r-devel-linux-x86_64-fedora-gcc, r-devel-windows-x86_64-new-UL, r-patched-linux-x86_64, r-release-linux-x86_64, r-release-macos-arm64, r-release-macos-x86_64, r-release-windows-ix86+x86_64, r-oldrel-macos-x86_64, r-oldrel-windows-ix86+x86_64
Version: 1.01
Check: installed package size
Result: NOTE
installed size is 5.1Mb
sub-directories of 1Mb or more:
data 5.0Mb
Flavors: r-devel-linux-x86_64-fedora-clang, r-devel-windows-x86_64-new-UL, r-release-macos-arm64, r-release-macos-x86_64, r-release-windows-ix86+x86_64, r-oldrel-macos-x86_64, r-oldrel-windows-ix86+x86_64