CRAN Package Check Results for Package rust

Last updated on 2022-04-08 01:48:57 CEST.

Flavor Version Tinstall Tcheck Ttotal Status Flags
r-devel-linux-x86_64-debian-clang 1.3.13 57.56 270.31 327.87 OK
r-devel-linux-x86_64-debian-gcc 1.3.13 48.13 182.54 230.67 OK
r-devel-linux-x86_64-fedora-clang 1.3.13 396.34 OK
r-devel-linux-x86_64-fedora-gcc 1.3.13 368.67 OK
r-devel-windows-x86_64-new-UL 1.3.13 64.00 285.00 349.00 OK
r-patched-linux-x86_64 1.3.13 49.88 249.31 299.19 OK
r-release-linux-x86_64 1.3.13 45.64 244.91 290.55 OK
r-release-macos-arm64 1.3.13 NOTE
r-release-macos-x86_64 1.3.13 OK
r-release-windows-ix86+x86_64 1.3.13 126.00 325.00 451.00 OK
r-oldrel-macos-x86_64 1.3.13 OK
r-oldrel-windows-ix86+x86_64 1.3.13 127.00 310.00 437.00 OK

Check Details

Version: 1.3.13
Check: installed package size
Result: NOTE
     installed size is 5.7Mb
     sub-directories of 1Mb or more:
     libs 5.0Mb
Flavor: r-release-macos-arm64