Last updated on 2022-04-08 01:48:57 CEST.
Flavor | Version | Tinstall | Tcheck | Ttotal | Status | Flags |
---|---|---|---|---|---|---|
r-devel-linux-x86_64-debian-clang | 2.2.1-5 | 34.07 | 259.45 | 293.52 | OK | |
r-devel-linux-x86_64-debian-gcc | 2.2.1-5 | 27.19 | 188.55 | 215.74 | OK | |
r-devel-linux-x86_64-fedora-clang | 2.2.1-5 | 365.10 | OK | |||
r-devel-linux-x86_64-fedora-gcc | 2.2.1-5 | 380.60 | OK | |||
r-devel-windows-x86_64-new-UL | 2.2.1-5 | 59.00 | 93.00 | 152.00 | OK | --no-examples --no-tests --no-vignettes |
r-patched-linux-x86_64 | 2.2.1-5 | 28.96 | 248.56 | 277.52 | OK | |
r-release-linux-x86_64 | 2.2.1-5 | 28.96 | 236.64 | 265.60 | OK | |
r-release-macos-arm64 | 2.2.1-5 | OK | ||||
r-release-macos-x86_64 | 2.2.1-5 | ERROR | ||||
r-release-windows-ix86+x86_64 | 2.2.1-5 | 60.00 | 135.00 | 195.00 | OK | --no-examples --no-tests --no-vignettes |
r-oldrel-macos-x86_64 | 2.2.1-5 | ERROR | ||||
r-oldrel-windows-ix86+x86_64 | 2.2.1-5 | 59.00 | 131.00 | 190.00 | OK | --no-examples --no-tests --no-vignettes |
Version: 2.2.1-5
Check: whether package can be installed
Result: ERROR
Installation failed.
Flavors: r-release-macos-x86_64, r-oldrel-macos-x86_64