CRAN Package Check Results for Package rtrend

Last updated on 2022-04-08 01:48:57 CEST.

Flavor Version Tinstall Tcheck Ttotal Status Flags
r-devel-linux-x86_64-debian-clang 0.1.3 45.98 40.93 86.91 OK
r-devel-linux-x86_64-debian-gcc 0.1.3 36.16 32.59 68.75 OK
r-devel-linux-x86_64-fedora-clang 0.1.3 117.71 NOTE
r-devel-linux-x86_64-fedora-gcc 0.1.3 98.70 NOTE
r-devel-windows-x86_64-new-UL 0.1.3 38.00 82.00 120.00 OK
r-patched-linux-x86_64 0.1.3 37.52 40.34 77.86 OK
r-release-linux-x86_64 0.1.3 36.64 38.81 75.45 OK
r-release-macos-arm64 0.1.2 OK
r-release-macos-x86_64 0.1.3 NOTE
r-release-windows-ix86+x86_64 0.1.2 110.00 114.00 224.00 OK
r-oldrel-macos-x86_64 0.1.3 NOTE
r-oldrel-windows-ix86+x86_64 0.1.3 102.00 79.00 181.00 OK

Check Details

Version: 0.1.3
Check: dependencies in R code
Result: NOTE
    Namespaces in Imports field not imported from:
     ‘ggplot2’ ‘plyr’ ‘terra’
     All declared Imports should be used.
Flavors: r-devel-linux-x86_64-fedora-clang, r-devel-linux-x86_64-fedora-gcc, r-release-macos-x86_64, r-oldrel-macos-x86_64