Last updated on 2022-04-08 01:48:57 CEST.
Flavor | Version | Tinstall | Tcheck | Ttotal | Status | Flags |
---|---|---|---|---|---|---|
r-devel-linux-x86_64-debian-clang | 0.4-14.1 | 2.56 | 58.82 | 61.38 | NOTE | |
r-devel-linux-x86_64-debian-gcc | 0.4-14.1 | 3.06 | 44.92 | 47.98 | NOTE | |
r-devel-linux-x86_64-fedora-clang | 0.4-14.1 | 75.04 | NOTE | |||
r-devel-linux-x86_64-fedora-gcc | 0.4-14.1 | 62.42 | NOTE | |||
r-devel-windows-x86_64-new-UL | 0.4-14.1 | 23.00 | 88.00 | 111.00 | OK | |
r-patched-linux-x86_64 | 0.4-14.1 | 4.15 | 55.03 | 59.18 | NOTE | |
r-release-linux-x86_64 | 0.4-14.1 | 3.66 | 55.23 | 58.89 | NOTE | |
r-release-macos-arm64 | 0.4-14.1 | OK | ||||
r-release-macos-x86_64 | 0.4-14.1 | OK | ||||
r-release-windows-ix86+x86_64 | 0.4-14.1 | 7.00 | 69.00 | 76.00 | OK | |
r-oldrel-macos-x86_64 | 0.4-14.1 | OK | ||||
r-oldrel-windows-ix86+x86_64 | 0.4-14.1 | 6.00 | 66.00 | 72.00 | OK |
Version: 0.4-14.1
Check: for non-standard things in the check directory
Result: NOTE
Found the following files/directories:
'test_addPageBreak.doc' 'test_addPlot.doc' 'test_addSessionInfo.doc'
'test_addTable.doc'
Flavors: r-devel-linux-x86_64-debian-clang, r-devel-linux-x86_64-debian-gcc, r-devel-linux-x86_64-fedora-clang, r-devel-linux-x86_64-fedora-gcc, r-patched-linux-x86_64, r-release-linux-x86_64