CRAN Package Check Results for Package rsvg

Last updated on 2022-04-08 01:48:57 CEST.

Flavor Version Tinstall Tcheck Ttotal Status Flags
r-devel-linux-x86_64-debian-clang 2.2.0 3.44 42.08 45.52 OK
r-devel-linux-x86_64-debian-gcc 2.2.0 2.66 31.83 34.49 OK
r-devel-linux-x86_64-fedora-clang 2.2.0 56.04 OK
r-devel-linux-x86_64-fedora-gcc 2.2.0 43.59 OK
r-devel-windows-x86_64-new-UL 2.2.0 37.00 7.00 44.00 ERROR
r-patched-linux-x86_64 2.2.0 2.71 39.27 41.98 OK
r-release-linux-x86_64 2.2.0 2.74 37.96 40.70 OK
r-release-macos-arm64 2.2.0 NOTE
r-release-macos-x86_64 2.2.0 NOTE
r-release-windows-ix86+x86_64 2.2.0 31.00 186.00 217.00 NOTE
r-oldrel-macos-x86_64 2.2.0 NOTE
r-oldrel-windows-ix86+x86_64 2.2.0 35.00 184.00 219.00 NOTE

Check Details

Version: 2.2.0
Check: whether package can be installed
Result: ERROR
    Installation failed.
Flavor: r-devel-windows-x86_64-new-UL

Version: 2.2.0
Check: installed package size
Result: NOTE
     installed size is 107.8Mb
     sub-directories of 1Mb or more:
     libs 107.4Mb
Flavors: r-release-macos-arm64, r-release-macos-x86_64, r-release-windows-ix86+x86_64, r-oldrel-macos-x86_64, r-oldrel-windows-ix86+x86_64