Last updated on 2022-04-08 01:48:57 CEST.
Flavor | Version | Tinstall | Tcheck | Ttotal | Status | Flags |
---|---|---|---|---|---|---|
r-devel-linux-x86_64-debian-clang | 0.7.0 | 16.16 | 160.07 | 176.23 | NOTE | |
r-devel-linux-x86_64-debian-gcc | 0.7.0 | 9.00 | 118.93 | 127.93 | NOTE | |
r-devel-linux-x86_64-fedora-clang | 0.7.0 | 204.62 | NOTE | |||
r-devel-linux-x86_64-fedora-gcc | 0.7.0 | 187.56 | NOTE | |||
r-devel-windows-x86_64-new-UL | 0.7.0 | 75.00 | 182.00 | 257.00 | NOTE | |
r-patched-linux-x86_64 | 0.7.0 | 17.14 | 150.14 | 167.28 | NOTE | |
r-release-linux-x86_64 | 0.7.0 | 14.29 | 150.32 | 164.61 | NOTE | |
r-release-macos-arm64 | 0.7.0 | NOTE | ||||
r-release-macos-x86_64 | 0.7.0 | NOTE | ||||
r-release-windows-ix86+x86_64 | 0.7.0 | 26.00 | 182.00 | 208.00 | NOTE | |
r-oldrel-macos-x86_64 | 0.7.0 | OK | ||||
r-oldrel-windows-ix86+x86_64 | 0.7.0 | 26.00 | 179.00 | 205.00 | OK |
Version: 0.7.0
Check: LazyData
Result: NOTE
'LazyData' is specified without a 'data' directory
Flavors: r-devel-linux-x86_64-debian-clang, r-devel-linux-x86_64-debian-gcc, r-devel-linux-x86_64-fedora-clang, r-devel-linux-x86_64-fedora-gcc, r-devel-windows-x86_64-new-UL, r-patched-linux-x86_64, r-release-linux-x86_64, r-release-macos-arm64, r-release-macos-x86_64, r-release-windows-ix86+x86_64