CRAN Package Check Results for Package rr2

Last updated on 2022-04-08 01:48:57 CEST.

Flavor Version Tinstall Tcheck Ttotal Status Flags
r-devel-linux-x86_64-debian-clang 1.0.2 11.72 111.97 123.69 NOTE
r-devel-linux-x86_64-debian-gcc 1.0.2 9.57 82.14 91.71 NOTE
r-devel-linux-x86_64-fedora-clang 1.0.2 146.31 NOTE
r-devel-linux-x86_64-fedora-gcc 1.0.2 131.79 NOTE
r-devel-windows-x86_64-new-UL 1.0.2 18.00 126.00 144.00 NOTE
r-patched-linux-x86_64 1.0.2 10.62 109.98 120.60 NOTE
r-release-linux-x86_64 1.0.2 9.39 100.59 109.98 NOTE
r-release-macos-arm64 1.0.2 NOTE
r-release-macos-x86_64 1.0.2 NOTE
r-release-windows-ix86+x86_64 1.0.2 22.00 115.00 137.00 NOTE
r-oldrel-macos-x86_64 1.0.2 OK
r-oldrel-windows-ix86+x86_64 1.0.2 23.00 115.00 138.00 OK

Check Details

Version: 1.0.2
Check: LazyData
Result: NOTE
     'LazyData' is specified without a 'data' directory
Flavors: r-devel-linux-x86_64-debian-clang, r-devel-linux-x86_64-debian-gcc, r-devel-linux-x86_64-fedora-clang, r-devel-linux-x86_64-fedora-gcc, r-devel-windows-x86_64-new-UL, r-patched-linux-x86_64, r-release-linux-x86_64, r-release-macos-arm64, r-release-macos-x86_64, r-release-windows-ix86+x86_64