Last updated on 2022-04-08 01:48:57 CEST.
Flavor | Version | Tinstall | Tcheck | Ttotal | Status | Flags |
---|---|---|---|---|---|---|
r-devel-linux-x86_64-debian-clang | 4.1.16 | 13.41 | 79.60 | 93.01 | OK | |
r-devel-linux-x86_64-debian-gcc | 4.1.16 | 8.16 | 61.69 | 69.85 | OK | |
r-devel-linux-x86_64-fedora-clang | 4.1.16 | 116.56 | NOTE | |||
r-devel-linux-x86_64-fedora-gcc | 4.1.16 | 104.10 | OK | |||
r-devel-windows-x86_64-new-UL | 4.1.16 | 69.00 | 126.00 | 195.00 | OK | |
r-patched-linux-x86_64 | 4.1.16 | 7.98 | 77.90 | 85.88 | OK | |
r-release-linux-x86_64 | 4.1.16 | 8.02 | 76.16 | 84.18 | OK | |
r-release-macos-arm64 | 4.1.16 | OK | ||||
r-release-macos-x86_64 | 4.1.16 | OK | ||||
r-release-windows-ix86+x86_64 | 4.1.16 | 43.00 | 97.00 | 140.00 | OK | |
r-oldrel-macos-x86_64 | 4.1.16 | OK | ||||
r-oldrel-windows-ix86+x86_64 | 4.1.16 | 45.00 | 124.00 | 169.00 | OK |
Version: 4.1.16
Check: Rd cross-references
Result: NOTE
Undeclared package ‘tree’ in Rd xrefs
Flavor: r-devel-linux-x86_64-fedora-clang