CRAN Package Check Results for Package roptim

Last updated on 2022-04-08 01:48:57 CEST.

Flavor Version Tinstall Tcheck Ttotal Status Flags
r-devel-linux-x86_64-debian-clang 0.1.5 35.54 40.41 75.95 NOTE
r-devel-linux-x86_64-debian-gcc 0.1.5 29.78 31.02 60.80 NOTE
r-devel-linux-x86_64-fedora-clang 0.1.5 110.19 NOTE
r-devel-linux-x86_64-fedora-gcc 0.1.5 85.07 NOTE
r-devel-windows-x86_64-new-UL 0.1.5 32.00 81.00 113.00 NOTE
r-patched-linux-x86_64 0.1.5 29.71 38.87 68.58 NOTE
r-release-linux-x86_64 0.1.5 31.10 36.96 68.06 NOTE
r-release-macos-arm64 0.1.5 NOTE
r-release-macos-x86_64 0.1.5 NOTE
r-release-windows-ix86+x86_64 0.1.5 81.00 76.00 157.00 NOTE
r-oldrel-macos-x86_64 0.1.5 OK
r-oldrel-windows-ix86+x86_64 0.1.5 81.00 73.00 154.00 OK

Check Details

Version: 0.1.5
Check: LazyData
Result: NOTE
     'LazyData' is specified without a 'data' directory
Flavors: r-devel-linux-x86_64-debian-clang, r-devel-linux-x86_64-debian-gcc, r-devel-linux-x86_64-fedora-clang, r-devel-linux-x86_64-fedora-gcc, r-devel-windows-x86_64-new-UL, r-patched-linux-x86_64, r-release-linux-x86_64, r-release-macos-arm64, r-release-macos-x86_64, r-release-windows-ix86+x86_64