CRAN Package Check Results for Package robslopes

Last updated on 2022-04-08 01:48:57 CEST.

Flavor Version Tinstall Tcheck Ttotal Status Flags
r-devel-linux-x86_64-debian-clang 1.1.0 91.61 38.97 130.58 WARN
r-devel-linux-x86_64-debian-gcc 1.1.0 73.69 30.33 104.02 OK
r-devel-linux-x86_64-fedora-clang 1.1.0 197.97 OK
r-devel-linux-x86_64-fedora-gcc 1.1.0 166.98 OK
r-devel-windows-x86_64-new-UL 1.1.0 86.00 77.00 163.00 OK
r-patched-linux-x86_64 1.1.0 80.26 38.25 118.51 OK
r-release-linux-x86_64 1.1.0 86.68 35.89 122.57 OK
r-release-macos-arm64 1.1.0 NOTE
r-release-macos-x86_64 1.1.0 OK
r-release-windows-ix86+x86_64 1.1.0 229.00 76.00 305.00 OK
r-oldrel-macos-x86_64 1.1.0 OK
r-oldrel-windows-ix86+x86_64 1.1.0 228.00 71.00 299.00 OK

Check Details

Version: 1.1.0
Check: whether package can be installed
Result: WARN
    Found the following significant warnings:
     countIndividualInversions.cpp:23:6: warning: using integer absolute value function 'abs' when argument is of floating point type [-Wabsolute-value]
     countIndividualInversions.cpp:23:25: warning: using integer absolute value function 'abs' when argument is of floating point type [-Wabsolute-value]
     countIndividualInversions.cpp:23:34: warning: using integer absolute value function 'abs' when argument is of floating point type [-Wabsolute-value]
Flavor: r-devel-linux-x86_64-debian-clang

Version: 1.1.0
Check: installed package size
Result: NOTE
     installed size is 5.5Mb
     sub-directories of 1Mb or more:
     libs 5.5Mb
Flavor: r-release-macos-arm64