Last updated on 2022-04-08 01:48:57 CEST.
Flavor | Version | Tinstall | Tcheck | Ttotal | Status | Flags |
---|---|---|---|---|---|---|
r-devel-linux-x86_64-debian-clang | 0.1-6 | 2.03 | 32.53 | 34.56 | NOTE | |
r-devel-linux-x86_64-debian-gcc | 0.1-6 | 1.93 | 25.07 | 27.00 | NOTE | |
r-devel-linux-x86_64-fedora-clang | 0.1-6 | 42.77 | NOTE | |||
r-devel-linux-x86_64-fedora-gcc | 0.1-6 | 30.71 | NOTE | |||
r-devel-windows-x86_64-new-UL | 0.1-6 | 10.00 | 48.00 | 58.00 | NOTE | |
r-patched-linux-x86_64 | 0.1-6 | 2.59 | 31.52 | 34.11 | NOTE | |
r-release-linux-x86_64 | 0.1-6 | 1.50 | 30.33 | 31.83 | NOTE | |
r-release-macos-arm64 | 0.1-6 | NOTE | ||||
r-release-macos-x86_64 | 0.1-6 | NOTE | ||||
r-release-windows-ix86+x86_64 | 0.1-6 | 5.00 | 39.00 | 44.00 | NOTE | |
r-oldrel-macos-x86_64 | 0.1-6 | NOTE | ||||
r-oldrel-windows-ix86+x86_64 | 0.1-6 | 5.00 | 37.00 | 42.00 | NOTE |
Version: 0.1-6
Check: dependencies in R code
Result: NOTE
'library' or 'require' calls in package code:
'robustbase' 'sfsmisc'
Please use :: or requireNamespace() instead.
See section 'Suggested packages' in the 'Writing R Extensions' manual.
Flavors: r-devel-linux-x86_64-debian-clang, r-devel-linux-x86_64-debian-gcc, r-devel-linux-x86_64-fedora-clang, r-devel-linux-x86_64-fedora-gcc, r-devel-windows-x86_64-new-UL, r-patched-linux-x86_64, r-release-linux-x86_64, r-release-macos-arm64, r-release-macos-x86_64, r-release-windows-ix86+x86_64, r-oldrel-macos-x86_64, r-oldrel-windows-ix86+x86_64
Version: 0.1-6
Check: R code for possible problems
Result: NOTE
.BuildPartial: no visible global function definition for 'as.formula'
.BuildPartial: no visible global function definition for 'residuals'
.PairwiseCorrelation : .Standardize : <anonymous>: no visible global
function definition for 'na.omit'
.PairwiseCorrelation : .Standardize: no visible binding for global
variable 'median'
.PairwiseCorrelation: no visible global function definition for
'complete.cases'
.yw: no visible global function definition for 'toeplitz'
FastQn: no visible global function definition for 'median'
FastQn: no visible global function definition for 'mad'
fqn: no visible global function definition for 'median'
fqn: no visible global function definition for 'mad'
psdcor: no visible global function definition for 'posdefify'
psdcor: no visible global function definition for 'nearcor'
robar: no visible global function definition for 'frequency'
robcor: no visible global function definition for 'covMcd'
s_FastQn: no visible global function definition for 'median'
Undefined global functions or variables:
as.formula complete.cases covMcd frequency mad median na.omit nearcor
posdefify residuals toeplitz
Consider adding
importFrom("stats", "as.formula", "complete.cases", "frequency", "mad",
"median", "na.omit", "residuals", "toeplitz")
to your NAMESPACE file.
Flavors: r-devel-linux-x86_64-debian-clang, r-devel-linux-x86_64-debian-gcc, r-devel-linux-x86_64-fedora-clang, r-devel-linux-x86_64-fedora-gcc, r-devel-windows-x86_64-new-UL, r-patched-linux-x86_64, r-release-linux-x86_64, r-release-macos-arm64, r-release-macos-x86_64, r-release-windows-ix86+x86_64, r-oldrel-macos-x86_64, r-oldrel-windows-ix86+x86_64