Last updated on 2022-04-08 01:48:57 CEST.
Flavor | Version | Tinstall | Tcheck | Ttotal | Status | Flags |
---|---|---|---|---|---|---|
r-devel-linux-x86_64-debian-clang | 2.3.1 | 118.57 | 316.79 | 435.36 | OK | |
r-devel-linux-x86_64-debian-gcc | 2.3.1 | 94.25 | 233.50 | 327.75 | OK | |
r-devel-linux-x86_64-fedora-clang | 2.3.1 | 565.24 | NOTE | |||
r-devel-linux-x86_64-fedora-gcc | 2.3.1 | 512.00 | NOTE | |||
r-devel-windows-x86_64-new-UL | 2.3.1 | 223.00 | 164.00 | 387.00 | OK | --no-examples --no-tests --no-vignettes |
r-patched-linux-x86_64 | 2.3.1 | 108.08 | 303.35 | 411.43 | OK | |
r-release-linux-x86_64 | 2.3.1 | 98.22 | 276.91 | 375.13 | OK | |
r-release-macos-arm64 | 2.3.1 | NOTE | ||||
r-release-macos-x86_64 | 2.3.1 | NOTE | ||||
r-release-windows-ix86+x86_64 | 2.3.1 | 263.00 | 283.00 | 546.00 | NOTE | --no-examples --no-tests --no-vignettes |
r-oldrel-macos-x86_64 | 2.3.1 | NOTE | ||||
r-oldrel-windows-ix86+x86_64 | 2.3.1 | 261.00 | 283.00 | 544.00 | NOTE | --no-examples --no-tests --no-vignettes |
Version: 2.3.1
Check: installed package size
Result: NOTE
installed size is 16.7Mb
sub-directories of 1Mb or more:
data 1.4Mb
libs 14.2Mb
Flavors: r-devel-linux-x86_64-fedora-clang, r-release-macos-arm64, r-release-macos-x86_64, r-oldrel-macos-x86_64
Version: 2.3.1
Check: Rd cross-references
Result: NOTE
Undeclared package ‘StatDA’ in Rd xrefs
Flavor: r-devel-linux-x86_64-fedora-clang
Version: 2.3.1
Check: data for non-ASCII characters
Result: NOTE
Note: found 1 marked UTF-8 string
Flavors: r-devel-linux-x86_64-fedora-clang, r-devel-linux-x86_64-fedora-gcc, r-release-macos-arm64, r-release-macos-x86_64, r-oldrel-macos-x86_64
Version: 2.3.1
Flags: --no-examples --no-tests --no-vignettes
Check: installed package size
Result: NOTE
installed size is 5.1Mb
sub-directories of 1Mb or more:
data 1.4Mb
libs 2.6Mb
Flavors: r-release-windows-ix86+x86_64, r-oldrel-windows-ix86+x86_64