Last updated on 2022-04-08 01:48:56 CEST.
Flavor | Version | Tinstall | Tcheck | Ttotal | Status | Flags |
---|---|---|---|---|---|---|
r-devel-linux-x86_64-debian-clang | 1.1.3 | 27.01 | 165.46 | 192.47 | OK | |
r-devel-linux-x86_64-debian-gcc | 1.1.3 | 21.29 | 122.06 | 143.35 | OK | |
r-devel-linux-x86_64-fedora-clang | 1.1.3 | 239.50 | NOTE | |||
r-devel-linux-x86_64-fedora-gcc | 1.1.3 | 212.16 | NOTE | |||
r-devel-windows-x86_64-new-UL | 1.1.3 | 82.00 | 214.00 | 296.00 | NOTE | |
r-patched-linux-x86_64 | 1.1.3 | 25.35 | 158.76 | 184.11 | OK | |
r-release-linux-x86_64 | 1.1.3 | 19.92 | 152.64 | 172.56 | OK | |
r-release-macos-arm64 | 1.1.3 | NOTE | ||||
r-release-macos-x86_64 | 1.1.3 | NOTE | ||||
r-release-windows-ix86+x86_64 | 1.1.3 | 44.00 | 191.00 | 235.00 | NOTE | |
r-oldrel-macos-x86_64 | 1.1.3 | NOTE | ||||
r-oldrel-windows-ix86+x86_64 | 1.1.3 | 43.00 | 187.00 | 230.00 | NOTE |
Version: 1.1.3
Check: installed package size
Result: NOTE
installed size is 8.4Mb
sub-directories of 1Mb or more:
doc 7.0Mb
Flavors: r-devel-linux-x86_64-fedora-clang, r-devel-windows-x86_64-new-UL, r-release-macos-arm64, r-release-macos-x86_64, r-release-windows-ix86+x86_64, r-oldrel-macos-x86_64, r-oldrel-windows-ix86+x86_64
Version: 1.1.3
Check: dependencies in R code
Result: NOTE
Namespace in Imports field not imported from: ‘R6’
All declared Imports should be used.
Flavors: r-devel-linux-x86_64-fedora-clang, r-devel-linux-x86_64-fedora-gcc, r-release-macos-arm64, r-release-macos-x86_64, r-oldrel-macos-x86_64