Last updated on 2022-04-08 01:48:56 CEST.
Flavor | Version | Tinstall | Tcheck | Ttotal | Status | Flags |
---|---|---|---|---|---|---|
r-devel-linux-x86_64-debian-clang | 0.2.2 | 4.59 | 95.34 | 99.93 | OK | |
r-devel-linux-x86_64-debian-gcc | 0.2.2 | 3.07 | 68.54 | 71.61 | OK | |
r-devel-linux-x86_64-fedora-clang | 0.2.2 | 119.56 | OK | |||
r-devel-linux-x86_64-fedora-gcc | 0.2.2 | 100.42 | OK | |||
r-devel-windows-x86_64-new-UL | 0.2.2 | 19.00 | 134.00 | 153.00 | OK | |
r-patched-linux-x86_64 | 0.2.2 | 2.68 | 87.46 | 90.14 | OK | |
r-release-linux-x86_64 | 0.2.2 | 2.95 | 85.62 | 88.57 | OK | |
r-release-macos-arm64 | 0.2.2 | OK | ||||
r-release-macos-x86_64 | 0.2.2 | WARN | ||||
r-release-windows-ix86+x86_64 | 0.2.2 | 10.00 | 98.00 | 108.00 | OK | |
r-oldrel-macos-x86_64 | 0.2.2 | WARN | ||||
r-oldrel-windows-ix86+x86_64 | 0.2.2 | 10.00 | 96.00 | 106.00 | OK |
Version: 0.2.2
Check: re-building of vignette outputs
Result: WARN
Error(s) in re-building vignettes:
--- re-building ‘rfm-customer-level-data.Rmd’ using rmarkdown
Warning in engine$weave(file, quiet = quiet, encoding = enc) :
Pandoc (>= 1.12.3) not available. Falling back to R Markdown v1.
Attaching package: 'dplyr'
The following object is masked from 'package:kableExtra':
group_rows
The following objects are masked from 'package:stats':
filter, lag
The following objects are masked from 'package:base':
intersect, setdiff, setequal, union
Quitting from lines 231-254 (rfm-customer-level-data.Rmd)
Error: processing vignette 'rfm-customer-level-data.Rmd' failed with diagnostics:
invalid 'path' argument
--- failed re-building ‘rfm-customer-level-data.Rmd’
--- re-building ‘rfm-transaction-level-data.Rmd’ using rmarkdown
Warning in engine$weave(file, quiet = quiet, encoding = enc) :
Pandoc (>= 1.12.3) not available. Falling back to R Markdown v1.
Attaching package: 'dplyr'
The following object is masked from 'package:kableExtra':
group_rows
The following objects are masked from 'package:stats':
filter, lag
The following objects are masked from 'package:base':
intersect, setdiff, setequal, union
Quitting from lines 227-251 (rfm-transaction-level-data.Rmd)
Error: processing vignette 'rfm-transaction-level-data.Rmd' failed with diagnostics:
invalid 'path' argument
--- failed re-building ‘rfm-transaction-level-data.Rmd’
SUMMARY: processing the following files failed:
‘rfm-customer-level-data.Rmd’ ‘rfm-transaction-level-data.Rmd’
Error: Vignette re-building failed.
Execution halted
Flavor: r-release-macos-x86_64
Version: 0.2.2
Check: re-building of vignette outputs
Result: WARN
Error(s) in re-building vignettes:
--- re-building ‘rfm-customer-level-data.Rmd’ using rmarkdown
Warning in engine$weave(file, quiet = quiet, encoding = enc) :
Pandoc (>= 1.12.3) and/or pandoc-citeproc not available. Falling back to R Markdown v1.
Attaching package: 'dplyr'
The following object is masked from 'package:kableExtra':
group_rows
The following objects are masked from 'package:stats':
filter, lag
The following objects are masked from 'package:base':
intersect, setdiff, setequal, union
Quitting from lines 231-254 (rfm-customer-level-data.Rmd)
Error: processing vignette 'rfm-customer-level-data.Rmd' failed with diagnostics:
cannot open the connection
--- failed re-building ‘rfm-customer-level-data.Rmd’
--- re-building ‘rfm-transaction-level-data.Rmd’ using rmarkdown
Warning in engine$weave(file, quiet = quiet, encoding = enc) :
Pandoc (>= 1.12.3) and/or pandoc-citeproc not available. Falling back to R Markdown v1.
Attaching package: 'dplyr'
The following object is masked from 'package:kableExtra':
group_rows
The following objects are masked from 'package:stats':
filter, lag
The following objects are masked from 'package:base':
intersect, setdiff, setequal, union
Quitting from lines 227-251 (rfm-transaction-level-data.Rmd)
Error: processing vignette 'rfm-transaction-level-data.Rmd' failed with diagnostics:
cannot open the connection
--- failed re-building ‘rfm-transaction-level-data.Rmd’
SUMMARY: processing the following files failed:
‘rfm-customer-level-data.Rmd’ ‘rfm-transaction-level-data.Rmd’
Error: Vignette re-building failed.
Execution halted
Flavor: r-oldrel-macos-x86_64