CRAN Package Check Results for Package rflexscan

Last updated on 2022-04-08 01:48:56 CEST.

Flavor Version Tinstall Tcheck Ttotal Status Flags
r-devel-linux-x86_64-debian-clang 1.0.0 26.90 64.04 90.94 OK
r-devel-linux-x86_64-debian-gcc 1.0.0 18.49 49.34 67.83 OK
r-devel-linux-x86_64-fedora-clang 1.0.0 120.10 NOTE
r-devel-linux-x86_64-fedora-gcc 1.0.0 95.70 NOTE
r-devel-windows-x86_64-new-UL 1.0.0 44.00 107.00 151.00 OK
r-patched-linux-x86_64 1.0.0 19.56 61.74 81.30 OK
r-release-linux-x86_64 1.0.0 19.54 57.73 77.27 OK
r-release-macos-arm64 1.0.0 NOTE
r-release-macos-x86_64 1.0.0 NOTE
r-release-windows-ix86+x86_64 1.0.0 54.00 106.00 160.00 OK
r-oldrel-macos-x86_64 1.0.0 NOTE
r-oldrel-windows-ix86+x86_64 1.0.0 54.00 107.00 161.00 OK

Check Details

Version: 1.0.0
Check: dependencies in R code
Result: NOTE
    Namespace in Imports field not imported from: ‘rgdal’
     All declared Imports should be used.
Flavors: r-devel-linux-x86_64-fedora-clang, r-devel-linux-x86_64-fedora-gcc, r-release-macos-arm64, r-release-macos-x86_64, r-oldrel-macos-x86_64