Last updated on 2022-04-08 01:48:56 CEST.
Flavor | Version | Tinstall | Tcheck | Ttotal | Status | Flags |
---|---|---|---|---|---|---|
r-devel-linux-x86_64-debian-clang | 0.1.0 | 2.20 | 39.67 | 41.87 | NOTE | |
r-devel-linux-x86_64-debian-gcc | 0.1.0 | 1.34 | 31.82 | 33.16 | NOTE | |
r-devel-linux-x86_64-fedora-clang | 0.1.0 | 53.23 | NOTE | |||
r-devel-linux-x86_64-fedora-gcc | 0.1.0 | 39.85 | NOTE | |||
r-devel-windows-x86_64-new-UL | 0.1.0 | 10.00 | 70.00 | 80.00 | NOTE | |
r-patched-linux-x86_64 | 0.1.0 | 2.01 | 39.77 | 41.78 | NOTE | |
r-release-linux-x86_64 | 0.1.0 | 2.19 | 38.27 | 40.46 | NOTE | |
r-release-macos-arm64 | 0.1.0 | NOTE | ||||
r-release-macos-x86_64 | 0.1.0 | NOTE | ||||
r-release-windows-ix86+x86_64 | 0.1.0 | 6.00 | 54.00 | 60.00 | NOTE | |
r-oldrel-macos-x86_64 | 0.1.0 | OK | ||||
r-oldrel-windows-ix86+x86_64 | 0.1.0 | 6.00 | 52.00 | 58.00 | OK |
Version: 0.1.0
Check: LazyData
Result: NOTE
'LazyData' is specified without a 'data' directory
Flavors: r-devel-linux-x86_64-debian-clang, r-devel-linux-x86_64-debian-gcc, r-devel-linux-x86_64-fedora-clang, r-devel-linux-x86_64-fedora-gcc, r-devel-windows-x86_64-new-UL, r-patched-linux-x86_64, r-release-linux-x86_64, r-release-macos-arm64, r-release-macos-x86_64, r-release-windows-ix86+x86_64