Last updated on 2022-04-08 01:48:56 CEST.
Flavor | Version | Tinstall | Tcheck | Ttotal | Status | Flags |
---|---|---|---|---|---|---|
r-devel-linux-x86_64-debian-clang | 0.2.0 | 9.30 | 146.02 | 155.32 | OK | |
r-devel-linux-x86_64-debian-gcc | 0.2.0 | 7.25 | 106.69 | 113.94 | OK | |
r-devel-linux-x86_64-fedora-clang | 0.2.0 | 188.46 | NOTE | |||
r-devel-linux-x86_64-fedora-gcc | 0.2.0 | 162.67 | OK | |||
r-devel-windows-x86_64-new-UL | 0.2.0 | 120.00 | 182.00 | 302.00 | NOTE | |
r-patched-linux-x86_64 | 0.2.0 | 8.30 | 138.46 | 146.76 | OK | |
r-release-linux-x86_64 | 0.2.0 | 7.07 | 138.05 | 145.12 | OK | |
r-release-macos-arm64 | 0.2.0 | NOTE | ||||
r-release-macos-x86_64 | 0.2.0 | NOTE | ||||
r-release-windows-ix86+x86_64 | 0.2.0 | 18.00 | 161.00 | 179.00 | NOTE | |
r-oldrel-macos-x86_64 | 0.2.0 | NOTE | ||||
r-oldrel-windows-ix86+x86_64 | 0.2.0 | 18.00 | 171.00 | 189.00 | NOTE |
Version: 0.2.0
Check: installed package size
Result: NOTE
installed size is 5.7Mb
sub-directories of 1Mb or more:
doc 1.1Mb
examples 1.9Mb
Flavors: r-devel-linux-x86_64-fedora-clang, r-devel-windows-x86_64-new-UL, r-release-macos-arm64, r-release-macos-x86_64, r-release-windows-ix86+x86_64, r-oldrel-macos-x86_64, r-oldrel-windows-ix86+x86_64