Last updated on 2022-04-08 01:48:56 CEST.
Flavor | Version | Tinstall | Tcheck | Ttotal | Status | Flags |
---|---|---|---|---|---|---|
r-devel-linux-x86_64-debian-clang | 1.3.0 | 8.94 | 80.90 | 89.84 | NOTE | |
r-devel-linux-x86_64-debian-gcc | 1.3.0 | 7.48 | 59.80 | 67.28 | NOTE | |
r-devel-linux-x86_64-fedora-clang | 1.3.0 | 107.05 | NOTE | |||
r-devel-linux-x86_64-fedora-gcc | 1.3.0 | 92.31 | NOTE | |||
r-devel-windows-x86_64-new-UL | 1.3.0 | 42.00 | 101.00 | 143.00 | NOTE | |
r-patched-linux-x86_64 | 1.3.0 | 7.52 | 74.51 | 82.03 | NOTE | |
r-release-linux-x86_64 | 1.3.0 | 5.52 | 73.17 | 78.69 | NOTE | |
r-release-macos-arm64 | 1.3.0 | NOTE | ||||
r-release-macos-x86_64 | 1.3.0 | NOTE | ||||
r-release-windows-ix86+x86_64 | 1.3.0 | 19.00 | 91.00 | 110.00 | NOTE | |
r-oldrel-macos-x86_64 | 1.3.0 | OK | ||||
r-oldrel-windows-ix86+x86_64 | 1.3.0 | 19.00 | 86.00 | 105.00 | OK |
Version: 1.3.0
Check: LazyData
Result: NOTE
'LazyData' is specified without a 'data' directory
Flavors: r-devel-linux-x86_64-debian-clang, r-devel-linux-x86_64-debian-gcc, r-devel-linux-x86_64-fedora-clang, r-devel-linux-x86_64-fedora-gcc, r-devel-windows-x86_64-new-UL, r-patched-linux-x86_64, r-release-linux-x86_64, r-release-macos-arm64, r-release-macos-x86_64, r-release-windows-ix86+x86_64